

{"id":665,"date":"2024-05-25T20:51:21","date_gmt":"2024-05-25T18:51:21","guid":{"rendered":"https:\/\/pracownieorange.pl\/szprotawa\/?post_type=challange&#038;p=665"},"modified":"2024-05-25T21:04:54","modified_gmt":"2024-05-25T19:04:54","slug":"dzien-matki-i-dziecka","status":"publish","type":"challange","link":"https:\/\/pracownieorange.pl\/szprotawa\/challange\/dzien-matki-i-dziecka\/","title":{"rendered":"Dzie\u0144 Matki i Dziecka"},"content":{"rendered":"<p>Pi\u0105tkowe popo\u0142udnie sp\u0119dzili\u015bmy w plenerze w przemi\u0142ym towarzystwie mam i ich pociech. Co tu si\u0119 dzia\u0142o! S\u0142uchali\u015bmy wierszyk\u00f3w o zwierz\u0105tkach i wyginali\u015bmy nasze cia\u0142a w wymy\u015blne asany, na\u015bladuj\u0105c: koty, s\u0142onie, w\u0119\u017ce, psy itp. Pani Karolina z <strong>Jogo-teka zabawy z jog\u0105<\/strong> zapewni\u0142a nam 2 godziny \u015bwietnej gimnastyki, podczas kt\u00f3rej mamy odpr\u0119\u017cy\u0142y si\u0119 i zrelaksowa\u0142y, a dzieci skupiaj\u0105c si\u0119 na wykonywaniu \u0107wicze\u0144 uczy\u0142y si\u0119 cierpliwo\u015bci i koncentracji. By\u0142y te\u017c atrakcje, kt\u00f3re przygotowa\u0142y nasze kole\u017canki-bibliotekarki. Utalentowana artystycznie Kasia malowa\u0142a bu\u017aki dzieci. W chwilach odpoczynku bawili\u015bmy si\u0119 w\u00a0 kalambury i popularn\u0105 zabaw\u0119 ruchow\u0105 &#8222;Na ziemi zostaje&#8230;&#8221;. A poniewa\u017c nasze plenerowe wydarzenie dedykowane by\u0142o mamom, kt\u00f3re 26 maja obchodz\u0105 swoje \u015bwi\u0119to, dzieci uda\u0142y si\u0119 w teren (przy bibliotece), by wykona\u0107 dla nich pi\u0119kne, niepowtarzalne i w 100 % ekologiczne obrazki ze skarb\u00f3w natury (li\u015bci, p\u0142atk\u00f3w kwiat\u00f3w, traw, zi\u00f3\u0142). Obrazy wysz\u0142y przepi\u0119kne, a mamy by\u0142y ZACHWYCONE! Ten dzie\u0144 na d\u0142ugo pozostanie w naszej pami\u0119ci.<\/p>\n","protected":false},"featured_media":666,"template":"","class_list":["post-665","challange","type-challange","status-publish","has-post-thumbnail","hentry"],"acf":[],"yoast_head":"<!-- This site is optimized with the Yoast SEO plugin v24.5 - https:\/\/yoast.com\/wordpress\/plugins\/seo\/ -->\n<title>Dzie\u0144 Matki i Dziecka - Pracownia Orange Szprotawa<\/title>\n<meta name=\"robots\" content=\"index, follow, max-snippet:-1, max-image-preview:large, max-video-preview:-1\" \/>\n<link rel=\"canonical\" href=\"https:\/\/pracownieorange.pl\/szprotawa\/challange\/dzien-matki-i-dziecka\/\" \/>\n<meta property=\"og:locale\" content=\"pl_PL\" \/>\n<meta property=\"og:type\" content=\"article\" \/>\n<meta property=\"og:title\" content=\"Dzie\u0144 Matki i Dziecka - Pracownia Orange Szprotawa\" \/>\n<meta property=\"og:description\" content=\"Pi\u0105tkowe popo\u0142udnie sp\u0119dzili\u015bmy w plenerze w przemi\u0142ym towarzystwie mam i [&hellip;]\" \/>\n<meta property=\"og:url\" content=\"https:\/\/pracownieorange.pl\/szprotawa\/challange\/dzien-matki-i-dziecka\/\" \/>\n<meta property=\"og:site_name\" content=\"Pracownia Orange Szprotawa\" \/>\n<meta property=\"article:modified_time\" content=\"2024-05-25T19:04:54+00:00\" \/>\n<meta property=\"og:image\" content=\"https:\/\/pracownieorange.pl\/app\/uploads\/sites\/107\/2024\/05\/IMG_20240524_100812530-scaled.jpg\" \/>\n\t<meta property=\"og:image:width\" content=\"2560\" \/>\n\t<meta property=\"og:image:height\" content=\"1922\" \/>\n\t<meta property=\"og:image:type\" content=\"image\/jpeg\" \/>\n<meta name=\"twitter:card\" content=\"summary_large_image\" \/>\n<meta name=\"twitter:label1\" content=\"Est. reading time\" \/>\n\t<meta name=\"twitter:data1\" content=\"1 minuta\" \/>\n<script type=\"application\/ld+json\" class=\"yoast-schema-graph\">{\"@context\":\"https:\/\/schema.org\",\"@graph\":[{\"@type\":\"WebPage\",\"@id\":\"https:\/\/pracownieorange.pl\/szprotawa\/challange\/dzien-matki-i-dziecka\/\",\"url\":\"https:\/\/pracownieorange.pl\/szprotawa\/challange\/dzien-matki-i-dziecka\/\",\"name\":\"Dzie\u0144 Matki i Dziecka - Pracownia Orange Szprotawa\",\"isPartOf\":{\"@id\":\"https:\/\/pracownieorange.pl\/szprotawa\/#website\"},\"primaryImageOfPage\":{\"@id\":\"https:\/\/pracownieorange.pl\/szprotawa\/challange\/dzien-matki-i-dziecka\/#primaryimage\"},\"image\":{\"@id\":\"https:\/\/pracownieorange.pl\/szprotawa\/challange\/dzien-matki-i-dziecka\/#primaryimage\"},\"thumbnailUrl\":\"https:\/\/pracownieorange.pl\/app\/uploads\/sites\/107\/2024\/05\/IMG_20240524_100812530-scaled.jpg\",\"datePublished\":\"2024-05-25T18:51:21+00:00\",\"dateModified\":\"2024-05-25T19:04:54+00:00\",\"breadcrumb\":{\"@id\":\"https:\/\/pracownieorange.pl\/szprotawa\/challange\/dzien-matki-i-dziecka\/#breadcrumb\"},\"inLanguage\":\"pl-PL\",\"potentialAction\":[{\"@type\":\"ReadAction\",\"target\":[\"https:\/\/pracownieorange.pl\/szprotawa\/challange\/dzien-matki-i-dziecka\/\"]}]},{\"@type\":\"ImageObject\",\"inLanguage\":\"pl-PL\",\"@id\":\"https:\/\/pracownieorange.pl\/szprotawa\/challange\/dzien-matki-i-dziecka\/#primaryimage\",\"url\":\"https:\/\/pracownieorange.pl\/app\/uploads\/sites\/107\/2024\/05\/IMG_20240524_100812530-scaled.jpg\",\"contentUrl\":\"https:\/\/pracownieorange.pl\/app\/uploads\/sites\/107\/2024\/05\/IMG_20240524_100812530-scaled.jpg\",\"width\":2560,\"height\":1922,\"caption\":\"Na zdj\u0119ciu r\u0119ka trzymaj\u0105ca bia\u0142\u0105 kwadratow\u0105 ramk\u0119 wype\u0142nion\u0105 kolorowymi li\u015b\u0107mi i trawami, w g\u00f3rnym rogu napis \\\"Dla mamy\\\"\"},{\"@type\":\"BreadcrumbList\",\"@id\":\"https:\/\/pracownieorange.pl\/szprotawa\/challange\/dzien-matki-i-dziecka\/#breadcrumb\",\"itemListElement\":[{\"@type\":\"ListItem\",\"position\":1,\"name\":\"Home\",\"item\":\"https:\/\/pracownieorange.pl\/szprotawa\/\"},{\"@type\":\"ListItem\",\"position\":2,\"name\":\"Relacje\",\"item\":\"https:\/\/pracownieorange.pl\/szprotawa\/challange\/\"},{\"@type\":\"ListItem\",\"position\":3,\"name\":\"Dzie\u0144 Matki i Dziecka\"}]},{\"@type\":\"WebSite\",\"@id\":\"https:\/\/pracownieorange.pl\/szprotawa\/#website\",\"url\":\"https:\/\/pracownieorange.pl\/szprotawa\/\",\"name\":\"Pracownia Orange Szprotawa\",\"description\":\"\",\"potentialAction\":[{\"@type\":\"SearchAction\",\"target\":{\"@type\":\"EntryPoint\",\"urlTemplate\":\"https:\/\/pracownieorange.pl\/szprotawa\/?s={search_term_string}\"},\"query-input\":{\"@type\":\"PropertyValueSpecification\",\"valueRequired\":true,\"valueName\":\"search_term_string\"}}],\"inLanguage\":\"pl-PL\"}]}<\/script>\n<!-- \/ Yoast SEO plugin. -->","yoast_head_json":{"title":"Dzie\u0144 Matki i Dziecka - Pracownia Orange Szprotawa","robots":{"index":"index","follow":"follow","max-snippet":"max-snippet:-1","max-image-preview":"max-image-preview:large","max-video-preview":"max-video-preview:-1"},"canonical":"https:\/\/pracownieorange.pl\/szprotawa\/challange\/dzien-matki-i-dziecka\/","og_locale":"pl_PL","og_type":"article","og_title":"Dzie\u0144 Matki i Dziecka - Pracownia Orange Szprotawa","og_description":"Pi\u0105tkowe popo\u0142udnie sp\u0119dzili\u015bmy w plenerze w przemi\u0142ym towarzystwie mam i [&hellip;]","og_url":"https:\/\/pracownieorange.pl\/szprotawa\/challange\/dzien-matki-i-dziecka\/","og_site_name":"Pracownia Orange Szprotawa","article_modified_time":"2024-05-25T19:04:54+00:00","og_image":[{"width":2560,"height":1922,"url":"https:\/\/pracownieorange.pl\/app\/uploads\/sites\/107\/2024\/05\/IMG_20240524_100812530-scaled.jpg","type":"image\/jpeg"}],"twitter_card":"summary_large_image","twitter_misc":{"Est. reading time":"1 minuta"},"schema":{"@context":"https:\/\/schema.org","@graph":[{"@type":"WebPage","@id":"https:\/\/pracownieorange.pl\/szprotawa\/challange\/dzien-matki-i-dziecka\/","url":"https:\/\/pracownieorange.pl\/szprotawa\/challange\/dzien-matki-i-dziecka\/","name":"Dzie\u0144 Matki i Dziecka - Pracownia Orange Szprotawa","isPartOf":{"@id":"https:\/\/pracownieorange.pl\/szprotawa\/#website"},"primaryImageOfPage":{"@id":"https:\/\/pracownieorange.pl\/szprotawa\/challange\/dzien-matki-i-dziecka\/#primaryimage"},"image":{"@id":"https:\/\/pracownieorange.pl\/szprotawa\/challange\/dzien-matki-i-dziecka\/#primaryimage"},"thumbnailUrl":"https:\/\/pracownieorange.pl\/app\/uploads\/sites\/107\/2024\/05\/IMG_20240524_100812530-scaled.jpg","datePublished":"2024-05-25T18:51:21+00:00","dateModified":"2024-05-25T19:04:54+00:00","breadcrumb":{"@id":"https:\/\/pracownieorange.pl\/szprotawa\/challange\/dzien-matki-i-dziecka\/#breadcrumb"},"inLanguage":"pl-PL","potentialAction":[{"@type":"ReadAction","target":["https:\/\/pracownieorange.pl\/szprotawa\/challange\/dzien-matki-i-dziecka\/"]}]},{"@type":"ImageObject","inLanguage":"pl-PL","@id":"https:\/\/pracownieorange.pl\/szprotawa\/challange\/dzien-matki-i-dziecka\/#primaryimage","url":"https:\/\/pracownieorange.pl\/app\/uploads\/sites\/107\/2024\/05\/IMG_20240524_100812530-scaled.jpg","contentUrl":"https:\/\/pracownieorange.pl\/app\/uploads\/sites\/107\/2024\/05\/IMG_20240524_100812530-scaled.jpg","width":2560,"height":1922,"caption":"Na zdj\u0119ciu r\u0119ka trzymaj\u0105ca bia\u0142\u0105 kwadratow\u0105 ramk\u0119 wype\u0142nion\u0105 kolorowymi li\u015b\u0107mi i trawami, w g\u00f3rnym rogu napis \"Dla mamy\""},{"@type":"BreadcrumbList","@id":"https:\/\/pracownieorange.pl\/szprotawa\/challange\/dzien-matki-i-dziecka\/#breadcrumb","itemListElement":[{"@type":"ListItem","position":1,"name":"Home","item":"https:\/\/pracownieorange.pl\/szprotawa\/"},{"@type":"ListItem","position":2,"name":"Relacje","item":"https:\/\/pracownieorange.pl\/szprotawa\/challange\/"},{"@type":"ListItem","position":3,"name":"Dzie\u0144 Matki i Dziecka"}]},{"@type":"WebSite","@id":"https:\/\/pracownieorange.pl\/szprotawa\/#website","url":"https:\/\/pracownieorange.pl\/szprotawa\/","name":"Pracownia Orange Szprotawa","description":"","potentialAction":[{"@type":"SearchAction","target":{"@type":"EntryPoint","urlTemplate":"https:\/\/pracownieorange.pl\/szprotawa\/?s={search_term_string}"},"query-input":{"@type":"PropertyValueSpecification","valueRequired":true,"valueName":"search_term_string"}}],"inLanguage":"pl-PL"}]}},"_links":{"self":[{"href":"https:\/\/pracownieorange.pl\/szprotawa\/wp-json\/wp\/v2\/challange\/665","targetHints":{"allow":["GET"]}}],"collection":[{"href":"https:\/\/pracownieorange.pl\/szprotawa\/wp-json\/wp\/v2\/challange"}],"about":[{"href":"https:\/\/pracownieorange.pl\/szprotawa\/wp-json\/wp\/v2\/types\/challange"}],"wp:featuredmedia":[{"embeddable":true,"href":"https:\/\/pracownieorange.pl\/szprotawa\/wp-json\/wp\/v2\/media\/666"}],"wp:attachment":[{"href":"https:\/\/pracownieorange.pl\/szprotawa\/wp-json\/wp\/v2\/media?parent=665"}],"curies":[{"name":"wp","href":"https:\/\/api.w.org\/{rel}","templated":true}]}}

Dzień Matki i Dziecka

<p>Piątkowe popołudnie spędziliśmy w plenerze w przemiłym towarzystwie mam i ich pociech. Co tu się działo! Słuchaliśmy wierszyków o zwierzątkach i wyginaliśmy nasze ciała w wymyślne asany, naśladując: koty, słonie, węże, psy itp. Pani Karolina z <strong>Jogo-teka zabawy z jogą</strong> zapewniła nam 2 godziny świetnej gimnastyki, podczas której mamy odprężyły się i zrelaksowały, a dzieci skupiając się na wykonywaniu ćwiczeń uczyły się cierpliwości i koncentracji. Były też atrakcje, które przygotowały nasze koleżanki-bibliotekarki. Utalentowana artystycznie Kasia malowała buźki dzieci. W chwilach odpoczynku bawiliśmy się w  kalambury i popularną zabawę ruchową &#8222;Na ziemi zostaje&#8230;&#8221;. A ponieważ nasze plenerowe wydarzenie dedykowane było mamom, które 26 maja obchodzą swoje święto, dzieci udały się w teren (przy bibliotece), by wykonać dla nich piękne, niepowtarzalne i w 100 % ekologiczne obrazki ze skarbów natury (liści, płatków kwiatów, traw, ziół). Obrazy wyszły przepiękne, a mamy były ZACHWYCONE! Ten dzień na długo pozostanie w naszej pamięci.</p>

<!-- This site is optimized with the Yoast SEO plugin v24.5 - https://yoast.com/wordpress/plugins/seo/ -->
<title>Dzień Matki i Dziecka - Pracownia Orange Szprotawa</title>
<meta name="robots" content="index, follow, max-snippet:-1, max-image-preview:large, max-video-preview:-1" />
<link rel="canonical" href="https://pracownieorange.pl/szprotawa/challange/dzien-matki-i-dziecka/" />
<meta property="og:locale" content="pl_PL" />
<meta property="og:type" content="article" />
<meta property="og:title" content="Dzień Matki i Dziecka - Pracownia Orange Szprotawa" />
<meta property="og:description" content="Piątkowe popołudnie spędziliśmy w plenerze w przemiłym towarzystwie mam i [&hellip;]" />
<meta property="og:url" content="https://pracownieorange.pl/szprotawa/challange/dzien-matki-i-dziecka/" />
<meta property="og:site_name" content="Pracownia Orange Szprotawa" />
<meta property="article:modified_time" content="2024-05-25T19:04:54+00:00" />
<meta property="og:image" content="https://pracownieorange.pl/app/uploads/sites/107/2024/05/IMG_20240524_100812530-scaled.jpg" />
	<meta property="og:image:width" content="2560" />
	<meta property="og:image:height" content="1922" />
	<meta property="og:image:type" content="image/jpeg" />
<meta name="twitter:card" content="summary_large_image" />
<meta name="twitter:label1" content="Est. reading time" />
	<meta name="twitter:data1" content="1 minuta" />
<script type="application/ld+json" class="yoast-schema-graph">{"@context":"https://schema.org","@graph":[{"@type":"WebPage","@id":"https://pracownieorange.pl/szprotawa/challange/dzien-matki-i-dziecka/","url":"https://pracownieorange.pl/szprotawa/challange/dzien-matki-i-dziecka/","name":"Dzień Matki i Dziecka - Pracownia Orange Szprotawa","isPartOf":{"@id":"https://pracownieorange.pl/szprotawa/#website"},"primaryImageOfPage":{"@id":"https://pracownieorange.pl/szprotawa/challange/dzien-matki-i-dziecka/#primaryimage"},"image":{"@id":"https://pracownieorange.pl/szprotawa/challange/dzien-matki-i-dziecka/#primaryimage"},"thumbnailUrl":"https://pracownieorange.pl/app/uploads/sites/107/2024/05/IMG_20240524_100812530-scaled.jpg","datePublished":"2024-05-25T18:51:21+00:00","dateModified":"2024-05-25T19:04:54+00:00","breadcrumb":{"@id":"https://pracownieorange.pl/szprotawa/challange/dzien-matki-i-dziecka/#breadcrumb"},"inLanguage":"pl-PL","potentialAction":[{"@type":"ReadAction","target":["https://pracownieorange.pl/szprotawa/challange/dzien-matki-i-dziecka/"]}]},{"@type":"ImageObject","inLanguage":"pl-PL","@id":"https://pracownieorange.pl/szprotawa/challange/dzien-matki-i-dziecka/#primaryimage","url":"https://pracownieorange.pl/app/uploads/sites/107/2024/05/IMG_20240524_100812530-scaled.jpg","contentUrl":"https://pracownieorange.pl/app/uploads/sites/107/2024/05/IMG_20240524_100812530-scaled.jpg","width":2560,"height":1922,"caption":"Na zdjęciu ręka trzymająca białą kwadratową ramkę wypełnioną kolorowymi liśćmi i trawami, w górnym rogu napis \"Dla mamy\""},{"@type":"BreadcrumbList","@id":"https://pracownieorange.pl/szprotawa/challange/dzien-matki-i-dziecka/#breadcrumb","itemListElement":[{"@type":"ListItem","position":1,"name":"Home","item":"https://pracownieorange.pl/szprotawa/"},{"@type":"ListItem","position":2,"name":"Relacje","item":"https://pracownieorange.pl/szprotawa/challange/"},{"@type":"ListItem","position":3,"name":"Dzień Matki i Dziecka"}]},{"@type":"WebSite","@id":"https://pracownieorange.pl/szprotawa/#website","url":"https://pracownieorange.pl/szprotawa/","name":"Pracownia Orange Szprotawa","description":"","potentialAction":[{"@type":"SearchAction","target":{"@type":"EntryPoint","urlTemplate":"https://pracownieorange.pl/szprotawa/?s={search_term_string}"},"query-input":{"@type":"PropertyValueSpecification","valueRequired":true,"valueName":"search_term_string"}}],"inLanguage":"pl-PL"}]}</script>
<!-- / Yoast SEO plugin. -->

Dzień Matki i Dziecka - Pracownia Orange Szprotawa

Piątkowe popołudnie spędziliśmy w plenerze w przemiłym towarzystwie mam i [&hellip;]

Na zdjęciu ręka trzymająca białą kwadratową ramkę wypełnioną kolorowymi liśćmi i trawami, w górnym rogu napis "Dla mamy"
