

{"id":110,"date":"2023-10-03T09:12:43","date_gmt":"2023-10-03T07:12:43","guid":{"rendered":"https:\/\/pracownieorange.pl\/szprotawa\/?post_type=challange&#038;p=110"},"modified":"2023-10-12T17:14:40","modified_gmt":"2023-10-12T15:14:40","slug":"jesienny-lisc","status":"publish","type":"challange","link":"https:\/\/pracownieorange.pl\/szprotawa\/challange\/jesienny-lisc\/","title":{"rendered":"Jesienny li\u015b\u0107"},"content":{"rendered":"<p>Z okazji nadej\u015bcia astronomicznej Jesieni przedszkolaki mia\u0142y niezwyk\u0142\u0105 mo\u017cliwo\u015b\u0107 na kreatywne zaj\u0119cia. Tworzy\u0142y urocze jesiennie drzewo z kolorowego papieru. W drodze do nas dzieci podziwia\u0142y pi\u0119kno jesieni. Kolorowe li\u015bcie zainspirowa\u0142y je do tworzenia. Wycinanie i uk\u0142adanie li\u015bci z kolorowego papieru to by\u0142a frajda. W trakcie zaj\u0119\u0107, rozmawiali\u015bmy o zmianach w przyrodzie podczas jesieni. Dzieci nauczy\u0142y si\u0119, dlaczego li\u015bcie zmieniaj\u0105 kolory.<\/p>\n<p>Efekty pracy przedszkolak\u00f3w by\u0142y niesamowite. Nasze jesienne drzewo by\u0142o pe\u0142ne kolorowych li\u015bci. Zaj\u0119cia te rozwija\u0142y kreatywno\u015b\u0107 i umiej\u0119tno\u015bci manualne najm\u0142odszych, ucz\u0105c przy okazji o pi\u0119knie zmieniaj\u0105cej si\u0119 tej pory roku. To \u015bwietny przyk\u0142ad, jak nauka i zabawa mog\u0105 \u0142\u0105czy\u0107 si\u0119, tworz\u0105c niezapomniane chwile w przedszkolnej edukacji.<\/p>\n","protected":false},"featured_media":98,"template":"","class_list":["post-110","challange","type-challange","status-publish","has-post-thumbnail","hentry"],"acf":[],"yoast_head":"<!-- This site is optimized with the Yoast SEO plugin v24.5 - https:\/\/yoast.com\/wordpress\/plugins\/seo\/ -->\n<title>Jesienny li\u015b\u0107 - Pracownia Orange Szprotawa<\/title>\n<meta name=\"robots\" content=\"index, follow, max-snippet:-1, max-image-preview:large, max-video-preview:-1\" \/>\n<link rel=\"canonical\" href=\"https:\/\/pracownieorange.pl\/szprotawa\/challange\/jesienny-lisc\/\" \/>\n<meta property=\"og:locale\" content=\"pl_PL\" \/>\n<meta property=\"og:type\" content=\"article\" \/>\n<meta property=\"og:title\" content=\"Jesienny li\u015b\u0107 - Pracownia Orange Szprotawa\" \/>\n<meta property=\"og:description\" content=\"Z okazji nadej\u015bcia astronomicznej Jesieni przedszkolaki mia\u0142y niezwyk\u0142\u0105 mo\u017cliwo\u015b\u0107 na [&hellip;]\" \/>\n<meta property=\"og:url\" content=\"https:\/\/pracownieorange.pl\/szprotawa\/challange\/jesienny-lisc\/\" \/>\n<meta property=\"og:site_name\" content=\"Pracownia Orange Szprotawa\" \/>\n<meta property=\"article:modified_time\" content=\"2023-10-12T15:14:40+00:00\" \/>\n<meta property=\"og:image\" content=\"https:\/\/pracownieorange.pl\/app\/uploads\/sites\/107\/2023\/09\/20230928_150959-2-scaled.jpg\" \/>\n\t<meta property=\"og:image:width\" content=\"2560\" \/>\n\t<meta property=\"og:image:height\" content=\"1181\" \/>\n\t<meta property=\"og:image:type\" content=\"image\/jpeg\" \/>\n<meta name=\"twitter:card\" content=\"summary_large_image\" \/>\n<meta name=\"twitter:label1\" content=\"Est. reading time\" \/>\n\t<meta name=\"twitter:data1\" content=\"1 minuta\" \/>\n<script type=\"application\/ld+json\" class=\"yoast-schema-graph\">{\"@context\":\"https:\/\/schema.org\",\"@graph\":[{\"@type\":\"WebPage\",\"@id\":\"https:\/\/pracownieorange.pl\/szprotawa\/challange\/jesienny-lisc\/\",\"url\":\"https:\/\/pracownieorange.pl\/szprotawa\/challange\/jesienny-lisc\/\",\"name\":\"Jesienny li\u015b\u0107 - Pracownia Orange Szprotawa\",\"isPartOf\":{\"@id\":\"https:\/\/pracownieorange.pl\/szprotawa\/#website\"},\"primaryImageOfPage\":{\"@id\":\"https:\/\/pracownieorange.pl\/szprotawa\/challange\/jesienny-lisc\/#primaryimage\"},\"image\":{\"@id\":\"https:\/\/pracownieorange.pl\/szprotawa\/challange\/jesienny-lisc\/#primaryimage\"},\"thumbnailUrl\":\"https:\/\/pracownieorange.pl\/app\/uploads\/sites\/107\/2023\/09\/20230928_150959-2-scaled.jpg\",\"datePublished\":\"2023-10-03T07:12:43+00:00\",\"dateModified\":\"2023-10-12T15:14:40+00:00\",\"breadcrumb\":{\"@id\":\"https:\/\/pracownieorange.pl\/szprotawa\/challange\/jesienny-lisc\/#breadcrumb\"},\"inLanguage\":\"pl-PL\",\"potentialAction\":[{\"@type\":\"ReadAction\",\"target\":[\"https:\/\/pracownieorange.pl\/szprotawa\/challange\/jesienny-lisc\/\"]}]},{\"@type\":\"ImageObject\",\"inLanguage\":\"pl-PL\",\"@id\":\"https:\/\/pracownieorange.pl\/szprotawa\/challange\/jesienny-lisc\/#primaryimage\",\"url\":\"https:\/\/pracownieorange.pl\/app\/uploads\/sites\/107\/2023\/09\/20230928_150959-2-scaled.jpg\",\"contentUrl\":\"https:\/\/pracownieorange.pl\/app\/uploads\/sites\/107\/2023\/09\/20230928_150959-2-scaled.jpg\",\"width\":2560,\"height\":1181,\"caption\":\"zdj\u0119cie tablicy z napisem jesie\u0144 z pani\u0105 jesie\u0144 r\u0119cznie wykonan\u0105 z papierowych li\u015bci\"},{\"@type\":\"BreadcrumbList\",\"@id\":\"https:\/\/pracownieorange.pl\/szprotawa\/challange\/jesienny-lisc\/#breadcrumb\",\"itemListElement\":[{\"@type\":\"ListItem\",\"position\":1,\"name\":\"Home\",\"item\":\"https:\/\/pracownieorange.pl\/szprotawa\/\"},{\"@type\":\"ListItem\",\"position\":2,\"name\":\"Relacje\",\"item\":\"https:\/\/pracownieorange.pl\/szprotawa\/challange\/\"},{\"@type\":\"ListItem\",\"position\":3,\"name\":\"Jesienny li\u015b\u0107\"}]},{\"@type\":\"WebSite\",\"@id\":\"https:\/\/pracownieorange.pl\/szprotawa\/#website\",\"url\":\"https:\/\/pracownieorange.pl\/szprotawa\/\",\"name\":\"Pracownia Orange Szprotawa\",\"description\":\"\",\"potentialAction\":[{\"@type\":\"SearchAction\",\"target\":{\"@type\":\"EntryPoint\",\"urlTemplate\":\"https:\/\/pracownieorange.pl\/szprotawa\/?s={search_term_string}\"},\"query-input\":{\"@type\":\"PropertyValueSpecification\",\"valueRequired\":true,\"valueName\":\"search_term_string\"}}],\"inLanguage\":\"pl-PL\"}]}<\/script>\n<!-- \/ Yoast SEO plugin. -->","yoast_head_json":{"title":"Jesienny li\u015b\u0107 - Pracownia Orange Szprotawa","robots":{"index":"index","follow":"follow","max-snippet":"max-snippet:-1","max-image-preview":"max-image-preview:large","max-video-preview":"max-video-preview:-1"},"canonical":"https:\/\/pracownieorange.pl\/szprotawa\/challange\/jesienny-lisc\/","og_locale":"pl_PL","og_type":"article","og_title":"Jesienny li\u015b\u0107 - Pracownia Orange Szprotawa","og_description":"Z okazji nadej\u015bcia astronomicznej Jesieni przedszkolaki mia\u0142y niezwyk\u0142\u0105 mo\u017cliwo\u015b\u0107 na [&hellip;]","og_url":"https:\/\/pracownieorange.pl\/szprotawa\/challange\/jesienny-lisc\/","og_site_name":"Pracownia Orange Szprotawa","article_modified_time":"2023-10-12T15:14:40+00:00","og_image":[{"width":2560,"height":1181,"url":"https:\/\/pracownieorange.pl\/app\/uploads\/sites\/107\/2023\/09\/20230928_150959-2-scaled.jpg","type":"image\/jpeg"}],"twitter_card":"summary_large_image","twitter_misc":{"Est. reading time":"1 minuta"},"schema":{"@context":"https:\/\/schema.org","@graph":[{"@type":"WebPage","@id":"https:\/\/pracownieorange.pl\/szprotawa\/challange\/jesienny-lisc\/","url":"https:\/\/pracownieorange.pl\/szprotawa\/challange\/jesienny-lisc\/","name":"Jesienny li\u015b\u0107 - Pracownia Orange Szprotawa","isPartOf":{"@id":"https:\/\/pracownieorange.pl\/szprotawa\/#website"},"primaryImageOfPage":{"@id":"https:\/\/pracownieorange.pl\/szprotawa\/challange\/jesienny-lisc\/#primaryimage"},"image":{"@id":"https:\/\/pracownieorange.pl\/szprotawa\/challange\/jesienny-lisc\/#primaryimage"},"thumbnailUrl":"https:\/\/pracownieorange.pl\/app\/uploads\/sites\/107\/2023\/09\/20230928_150959-2-scaled.jpg","datePublished":"2023-10-03T07:12:43+00:00","dateModified":"2023-10-12T15:14:40+00:00","breadcrumb":{"@id":"https:\/\/pracownieorange.pl\/szprotawa\/challange\/jesienny-lisc\/#breadcrumb"},"inLanguage":"pl-PL","potentialAction":[{"@type":"ReadAction","target":["https:\/\/pracownieorange.pl\/szprotawa\/challange\/jesienny-lisc\/"]}]},{"@type":"ImageObject","inLanguage":"pl-PL","@id":"https:\/\/pracownieorange.pl\/szprotawa\/challange\/jesienny-lisc\/#primaryimage","url":"https:\/\/pracownieorange.pl\/app\/uploads\/sites\/107\/2023\/09\/20230928_150959-2-scaled.jpg","contentUrl":"https:\/\/pracownieorange.pl\/app\/uploads\/sites\/107\/2023\/09\/20230928_150959-2-scaled.jpg","width":2560,"height":1181,"caption":"zdj\u0119cie tablicy z napisem jesie\u0144 z pani\u0105 jesie\u0144 r\u0119cznie wykonan\u0105 z papierowych li\u015bci"},{"@type":"BreadcrumbList","@id":"https:\/\/pracownieorange.pl\/szprotawa\/challange\/jesienny-lisc\/#breadcrumb","itemListElement":[{"@type":"ListItem","position":1,"name":"Home","item":"https:\/\/pracownieorange.pl\/szprotawa\/"},{"@type":"ListItem","position":2,"name":"Relacje","item":"https:\/\/pracownieorange.pl\/szprotawa\/challange\/"},{"@type":"ListItem","position":3,"name":"Jesienny li\u015b\u0107"}]},{"@type":"WebSite","@id":"https:\/\/pracownieorange.pl\/szprotawa\/#website","url":"https:\/\/pracownieorange.pl\/szprotawa\/","name":"Pracownia Orange Szprotawa","description":"","potentialAction":[{"@type":"SearchAction","target":{"@type":"EntryPoint","urlTemplate":"https:\/\/pracownieorange.pl\/szprotawa\/?s={search_term_string}"},"query-input":{"@type":"PropertyValueSpecification","valueRequired":true,"valueName":"search_term_string"}}],"inLanguage":"pl-PL"}]}},"_links":{"self":[{"href":"https:\/\/pracownieorange.pl\/szprotawa\/wp-json\/wp\/v2\/challange\/110","targetHints":{"allow":["GET"]}}],"collection":[{"href":"https:\/\/pracownieorange.pl\/szprotawa\/wp-json\/wp\/v2\/challange"}],"about":[{"href":"https:\/\/pracownieorange.pl\/szprotawa\/wp-json\/wp\/v2\/types\/challange"}],"wp:featuredmedia":[{"embeddable":true,"href":"https:\/\/pracownieorange.pl\/szprotawa\/wp-json\/wp\/v2\/media\/98"}],"wp:attachment":[{"href":"https:\/\/pracownieorange.pl\/szprotawa\/wp-json\/wp\/v2\/media?parent=110"}],"curies":[{"name":"wp","href":"https:\/\/api.w.org\/{rel}","templated":true}]}}

Jesienny liść

<p>Z okazji nadejścia astronomicznej Jesieni przedszkolaki miały niezwykłą możliwość na kreatywne zajęcia. Tworzyły urocze jesiennie drzewo z kolorowego papieru. W drodze do nas dzieci podziwiały piękno jesieni. Kolorowe liście zainspirowały je do tworzenia. Wycinanie i układanie liści z kolorowego papieru to była frajda. W trakcie zajęć, rozmawialiśmy o zmianach w przyrodzie podczas jesieni. Dzieci nauczyły się, dlaczego liście zmieniają kolory.</p>
<p>Efekty pracy przedszkolaków były niesamowite. Nasze jesienne drzewo było pełne kolorowych liści. Zajęcia te rozwijały kreatywność i umiejętności manualne najmłodszych, ucząc przy okazji o pięknie zmieniającej się tej pory roku. To świetny przykład, jak nauka i zabawa mogą łączyć się, tworząc niezapomniane chwile w przedszkolnej edukacji.</p>

<!-- This site is optimized with the Yoast SEO plugin v24.5 - https://yoast.com/wordpress/plugins/seo/ -->
<title>Jesienny liść - Pracownia Orange Szprotawa</title>
<meta name="robots" content="index, follow, max-snippet:-1, max-image-preview:large, max-video-preview:-1" />
<link rel="canonical" href="https://pracownieorange.pl/szprotawa/challange/jesienny-lisc/" />
<meta property="og:locale" content="pl_PL" />
<meta property="og:type" content="article" />
<meta property="og:title" content="Jesienny liść - Pracownia Orange Szprotawa" />
<meta property="og:description" content="Z okazji nadejścia astronomicznej Jesieni przedszkolaki miały niezwykłą możliwość na [&hellip;]" />
<meta property="og:url" content="https://pracownieorange.pl/szprotawa/challange/jesienny-lisc/" />
<meta property="og:site_name" content="Pracownia Orange Szprotawa" />
<meta property="article:modified_time" content="2023-10-12T15:14:40+00:00" />
<meta property="og:image" content="https://pracownieorange.pl/app/uploads/sites/107/2023/09/20230928_150959-2-scaled.jpg" />
	<meta property="og:image:width" content="2560" />
	<meta property="og:image:height" content="1181" />
	<meta property="og:image:type" content="image/jpeg" />
<meta name="twitter:card" content="summary_large_image" />
<meta name="twitter:label1" content="Est. reading time" />
	<meta name="twitter:data1" content="1 minuta" />
<script type="application/ld+json" class="yoast-schema-graph">{"@context":"https://schema.org","@graph":[{"@type":"WebPage","@id":"https://pracownieorange.pl/szprotawa/challange/jesienny-lisc/","url":"https://pracownieorange.pl/szprotawa/challange/jesienny-lisc/","name":"Jesienny liść - Pracownia Orange Szprotawa","isPartOf":{"@id":"https://pracownieorange.pl/szprotawa/#website"},"primaryImageOfPage":{"@id":"https://pracownieorange.pl/szprotawa/challange/jesienny-lisc/#primaryimage"},"image":{"@id":"https://pracownieorange.pl/szprotawa/challange/jesienny-lisc/#primaryimage"},"thumbnailUrl":"https://pracownieorange.pl/app/uploads/sites/107/2023/09/20230928_150959-2-scaled.jpg","datePublished":"2023-10-03T07:12:43+00:00","dateModified":"2023-10-12T15:14:40+00:00","breadcrumb":{"@id":"https://pracownieorange.pl/szprotawa/challange/jesienny-lisc/#breadcrumb"},"inLanguage":"pl-PL","potentialAction":[{"@type":"ReadAction","target":["https://pracownieorange.pl/szprotawa/challange/jesienny-lisc/"]}]},{"@type":"ImageObject","inLanguage":"pl-PL","@id":"https://pracownieorange.pl/szprotawa/challange/jesienny-lisc/#primaryimage","url":"https://pracownieorange.pl/app/uploads/sites/107/2023/09/20230928_150959-2-scaled.jpg","contentUrl":"https://pracownieorange.pl/app/uploads/sites/107/2023/09/20230928_150959-2-scaled.jpg","width":2560,"height":1181,"caption":"zdjęcie tablicy z napisem jesień z panią jesień ręcznie wykonaną z papierowych liści"},{"@type":"BreadcrumbList","@id":"https://pracownieorange.pl/szprotawa/challange/jesienny-lisc/#breadcrumb","itemListElement":[{"@type":"ListItem","position":1,"name":"Home","item":"https://pracownieorange.pl/szprotawa/"},{"@type":"ListItem","position":2,"name":"Relacje","item":"https://pracownieorange.pl/szprotawa/challange/"},{"@type":"ListItem","position":3,"name":"Jesienny liść"}]},{"@type":"WebSite","@id":"https://pracownieorange.pl/szprotawa/#website","url":"https://pracownieorange.pl/szprotawa/","name":"Pracownia Orange Szprotawa","description":"","potentialAction":[{"@type":"SearchAction","target":{"@type":"EntryPoint","urlTemplate":"https://pracownieorange.pl/szprotawa/?s={search_term_string}"},"query-input":{"@type":"PropertyValueSpecification","valueRequired":true,"valueName":"search_term_string"}}],"inLanguage":"pl-PL"}]}</script>
<!-- / Yoast SEO plugin. -->

Jesienny liść - Pracownia Orange Szprotawa

Z okazji nadejścia astronomicznej Jesieni przedszkolaki miały niezwykłą możliwość na [&hellip;]

zdjęcie tablicy z napisem jesień z panią jesień ręcznie wykonaną z papierowych liści
