

{"id":621,"date":"2023-09-21T19:26:50","date_gmt":"2023-09-21T17:26:50","guid":{"rendered":"https:\/\/pracownieorange.pl\/szczawne\/?post_type=challange&#038;p=621"},"modified":"2023-09-21T19:26:50","modified_gmt":"2023-09-21T17:26:50","slug":"artystycznie-witamy-jesien","status":"publish","type":"challange","link":"https:\/\/pracownieorange.pl\/szczawne\/challange\/artystycznie-witamy-jesien\/","title":{"rendered":"Artystycznie Witamy Jesie\u0144"},"content":{"rendered":"<p>Dzisiaj w Pracowni Orange w Szczawnem przywitali\u015bmy z\u0142ot\u0105 por\u0119 roku artystycznie i kreatywnie.Warsztaty dla dzieci i m\u0142odzie\u017cy by\u0142y pe\u0142ne kolor\u00f3w , a to za spraw\u0105 jesiennych obrazk\u00f3w ,kt\u00f3re tworzyli\u015bmy na tekturkach z kory, szyszek, suszonych kwiat\u00f3w.Bardzo szybko powsta\u0142y przepi\u0119kne prace, kt\u00f3re z pewno\u015bci\u0105 ozdobi\u0105 ka\u017cdy pok\u00f3j czy dom. Mamy nadziej\u0119, \u017ce tak mi\u0142o powitania jesie\u0144 nie b\u0119dzie zimna i deszczowa, ale b\u0119dzie pi\u0119kna, barwna, ciep\u0142a i bogata w jesienne dary. Oczywi\u015bcie korzystali\u015bmy z kleju na gor\u0105co i tu trzeba zachowa\u0107 szczeg\u00f3ln\u0105 ostro\u017cno\u015b\u0107, ale chyba to jedyny spos\u00f3b by utrzyma\u0107 kompozycje z r\u00f3\u017cnych materia\u0142\u00f3w i struktur.<\/p>\n","protected":false},"featured_media":623,"template":"","class_list":["post-621","challange","type-challange","status-publish","has-post-thumbnail","hentry"],"acf":[],"yoast_head":"<!-- This site is optimized with the Yoast SEO plugin v24.5 - https:\/\/yoast.com\/wordpress\/plugins\/seo\/ -->\n<title>Artystycznie Witamy Jesie\u0144 - Pracownia Orange Szczawne<\/title>\n<meta name=\"robots\" content=\"index, follow, max-snippet:-1, max-image-preview:large, max-video-preview:-1\" \/>\n<link rel=\"canonical\" href=\"https:\/\/pracownieorange.pl\/szczawne\/challange\/artystycznie-witamy-jesien\/\" \/>\n<meta property=\"og:locale\" content=\"pl_PL\" \/>\n<meta property=\"og:type\" content=\"article\" \/>\n<meta property=\"og:title\" content=\"Artystycznie Witamy Jesie\u0144 - Pracownia Orange Szczawne\" \/>\n<meta property=\"og:description\" content=\"Dzisiaj w Pracowni Orange w Szczawnem przywitali\u015bmy z\u0142ot\u0105 por\u0119 roku [&hellip;]\" \/>\n<meta property=\"og:url\" content=\"https:\/\/pracownieorange.pl\/szczawne\/challange\/artystycznie-witamy-jesien\/\" \/>\n<meta property=\"og:site_name\" content=\"Pracownia Orange Szczawne\" \/>\n<meta property=\"og:image\" content=\"https:\/\/pracownieorange.pl\/app\/uploads\/sites\/54\/2023\/09\/378186049_632633782349625_9123076048067498866_n.jpg\" \/>\n\t<meta property=\"og:image:width\" content=\"1536\" \/>\n\t<meta property=\"og:image:height\" content=\"2048\" \/>\n\t<meta property=\"og:image:type\" content=\"image\/jpeg\" \/>\n<meta name=\"twitter:card\" content=\"summary_large_image\" \/>\n<meta name=\"twitter:label1\" content=\"Est. reading time\" \/>\n\t<meta name=\"twitter:data1\" content=\"1 minuta\" \/>\n<script type=\"application\/ld+json\" class=\"yoast-schema-graph\">{\"@context\":\"https:\/\/schema.org\",\"@graph\":[{\"@type\":\"WebPage\",\"@id\":\"https:\/\/pracownieorange.pl\/szczawne\/challange\/artystycznie-witamy-jesien\/\",\"url\":\"https:\/\/pracownieorange.pl\/szczawne\/challange\/artystycznie-witamy-jesien\/\",\"name\":\"Artystycznie Witamy Jesie\u0144 - Pracownia Orange Szczawne\",\"isPartOf\":{\"@id\":\"https:\/\/pracownieorange.pl\/szczawne\/#website\"},\"primaryImageOfPage\":{\"@id\":\"https:\/\/pracownieorange.pl\/szczawne\/challange\/artystycznie-witamy-jesien\/#primaryimage\"},\"image\":{\"@id\":\"https:\/\/pracownieorange.pl\/szczawne\/challange\/artystycznie-witamy-jesien\/#primaryimage\"},\"thumbnailUrl\":\"https:\/\/pracownieorange.pl\/app\/uploads\/sites\/54\/2023\/09\/378186049_632633782349625_9123076048067498866_n.jpg\",\"datePublished\":\"2023-09-21T17:26:50+00:00\",\"breadcrumb\":{\"@id\":\"https:\/\/pracownieorange.pl\/szczawne\/challange\/artystycznie-witamy-jesien\/#breadcrumb\"},\"inLanguage\":\"pl-PL\",\"potentialAction\":[{\"@type\":\"ReadAction\",\"target\":[\"https:\/\/pracownieorange.pl\/szczawne\/challange\/artystycznie-witamy-jesien\/\"]}]},{\"@type\":\"ImageObject\",\"inLanguage\":\"pl-PL\",\"@id\":\"https:\/\/pracownieorange.pl\/szczawne\/challange\/artystycznie-witamy-jesien\/#primaryimage\",\"url\":\"https:\/\/pracownieorange.pl\/app\/uploads\/sites\/54\/2023\/09\/378186049_632633782349625_9123076048067498866_n.jpg\",\"contentUrl\":\"https:\/\/pracownieorange.pl\/app\/uploads\/sites\/54\/2023\/09\/378186049_632633782349625_9123076048067498866_n.jpg\",\"width\":1536,\"height\":2048,\"caption\":\"drzewo z kory szyszek i suszonych kwiat\u00f3w\"},{\"@type\":\"BreadcrumbList\",\"@id\":\"https:\/\/pracownieorange.pl\/szczawne\/challange\/artystycznie-witamy-jesien\/#breadcrumb\",\"itemListElement\":[{\"@type\":\"ListItem\",\"position\":1,\"name\":\"Home\",\"item\":\"https:\/\/pracownieorange.pl\/szczawne\/\"},{\"@type\":\"ListItem\",\"position\":2,\"name\":\"Relacje\",\"item\":\"https:\/\/pracownieorange.pl\/szczawne\/challange\/\"},{\"@type\":\"ListItem\",\"position\":3,\"name\":\"Artystycznie Witamy Jesie\u0144\"}]},{\"@type\":\"WebSite\",\"@id\":\"https:\/\/pracownieorange.pl\/szczawne\/#website\",\"url\":\"https:\/\/pracownieorange.pl\/szczawne\/\",\"name\":\"Pracownia Orange Szczawne\",\"description\":\"Kolejna witryna sieci &#8222;Pracownie Orange&#8221;\",\"potentialAction\":[{\"@type\":\"SearchAction\",\"target\":{\"@type\":\"EntryPoint\",\"urlTemplate\":\"https:\/\/pracownieorange.pl\/szczawne\/?s={search_term_string}\"},\"query-input\":{\"@type\":\"PropertyValueSpecification\",\"valueRequired\":true,\"valueName\":\"search_term_string\"}}],\"inLanguage\":\"pl-PL\"}]}<\/script>\n<!-- \/ Yoast SEO plugin. -->","yoast_head_json":{"title":"Artystycznie Witamy Jesie\u0144 - Pracownia Orange Szczawne","robots":{"index":"index","follow":"follow","max-snippet":"max-snippet:-1","max-image-preview":"max-image-preview:large","max-video-preview":"max-video-preview:-1"},"canonical":"https:\/\/pracownieorange.pl\/szczawne\/challange\/artystycznie-witamy-jesien\/","og_locale":"pl_PL","og_type":"article","og_title":"Artystycznie Witamy Jesie\u0144 - Pracownia Orange Szczawne","og_description":"Dzisiaj w Pracowni Orange w Szczawnem przywitali\u015bmy z\u0142ot\u0105 por\u0119 roku [&hellip;]","og_url":"https:\/\/pracownieorange.pl\/szczawne\/challange\/artystycznie-witamy-jesien\/","og_site_name":"Pracownia Orange Szczawne","og_image":[{"width":1536,"height":2048,"url":"https:\/\/pracownieorange.pl\/app\/uploads\/sites\/54\/2023\/09\/378186049_632633782349625_9123076048067498866_n.jpg","type":"image\/jpeg"}],"twitter_card":"summary_large_image","twitter_misc":{"Est. reading time":"1 minuta"},"schema":{"@context":"https:\/\/schema.org","@graph":[{"@type":"WebPage","@id":"https:\/\/pracownieorange.pl\/szczawne\/challange\/artystycznie-witamy-jesien\/","url":"https:\/\/pracownieorange.pl\/szczawne\/challange\/artystycznie-witamy-jesien\/","name":"Artystycznie Witamy Jesie\u0144 - Pracownia Orange Szczawne","isPartOf":{"@id":"https:\/\/pracownieorange.pl\/szczawne\/#website"},"primaryImageOfPage":{"@id":"https:\/\/pracownieorange.pl\/szczawne\/challange\/artystycznie-witamy-jesien\/#primaryimage"},"image":{"@id":"https:\/\/pracownieorange.pl\/szczawne\/challange\/artystycznie-witamy-jesien\/#primaryimage"},"thumbnailUrl":"https:\/\/pracownieorange.pl\/app\/uploads\/sites\/54\/2023\/09\/378186049_632633782349625_9123076048067498866_n.jpg","datePublished":"2023-09-21T17:26:50+00:00","breadcrumb":{"@id":"https:\/\/pracownieorange.pl\/szczawne\/challange\/artystycznie-witamy-jesien\/#breadcrumb"},"inLanguage":"pl-PL","potentialAction":[{"@type":"ReadAction","target":["https:\/\/pracownieorange.pl\/szczawne\/challange\/artystycznie-witamy-jesien\/"]}]},{"@type":"ImageObject","inLanguage":"pl-PL","@id":"https:\/\/pracownieorange.pl\/szczawne\/challange\/artystycznie-witamy-jesien\/#primaryimage","url":"https:\/\/pracownieorange.pl\/app\/uploads\/sites\/54\/2023\/09\/378186049_632633782349625_9123076048067498866_n.jpg","contentUrl":"https:\/\/pracownieorange.pl\/app\/uploads\/sites\/54\/2023\/09\/378186049_632633782349625_9123076048067498866_n.jpg","width":1536,"height":2048,"caption":"drzewo z kory szyszek i suszonych kwiat\u00f3w"},{"@type":"BreadcrumbList","@id":"https:\/\/pracownieorange.pl\/szczawne\/challange\/artystycznie-witamy-jesien\/#breadcrumb","itemListElement":[{"@type":"ListItem","position":1,"name":"Home","item":"https:\/\/pracownieorange.pl\/szczawne\/"},{"@type":"ListItem","position":2,"name":"Relacje","item":"https:\/\/pracownieorange.pl\/szczawne\/challange\/"},{"@type":"ListItem","position":3,"name":"Artystycznie Witamy Jesie\u0144"}]},{"@type":"WebSite","@id":"https:\/\/pracownieorange.pl\/szczawne\/#website","url":"https:\/\/pracownieorange.pl\/szczawne\/","name":"Pracownia Orange Szczawne","description":"Kolejna witryna sieci &#8222;Pracownie Orange&#8221;","potentialAction":[{"@type":"SearchAction","target":{"@type":"EntryPoint","urlTemplate":"https:\/\/pracownieorange.pl\/szczawne\/?s={search_term_string}"},"query-input":{"@type":"PropertyValueSpecification","valueRequired":true,"valueName":"search_term_string"}}],"inLanguage":"pl-PL"}]}},"_links":{"self":[{"href":"https:\/\/pracownieorange.pl\/szczawne\/wp-json\/wp\/v2\/challange\/621","targetHints":{"allow":["GET"]}}],"collection":[{"href":"https:\/\/pracownieorange.pl\/szczawne\/wp-json\/wp\/v2\/challange"}],"about":[{"href":"https:\/\/pracownieorange.pl\/szczawne\/wp-json\/wp\/v2\/types\/challange"}],"wp:featuredmedia":[{"embeddable":true,"href":"https:\/\/pracownieorange.pl\/szczawne\/wp-json\/wp\/v2\/media\/623"}],"wp:attachment":[{"href":"https:\/\/pracownieorange.pl\/szczawne\/wp-json\/wp\/v2\/media?parent=621"}],"curies":[{"name":"wp","href":"https:\/\/api.w.org\/{rel}","templated":true}]}}

Artystycznie Witamy Jesień

<p>Dzisiaj w Pracowni Orange w Szczawnem przywitaliśmy złotą porę roku artystycznie i kreatywnie.Warsztaty dla dzieci i młodzieży były pełne kolorów , a to za sprawą jesiennych obrazków ,które tworzyliśmy na tekturkach z kory, szyszek, suszonych kwiatów.Bardzo szybko powstały przepiękne prace, które z pewnością ozdobią każdy pokój czy dom. Mamy nadzieję, że tak miło powitania jesień nie będzie zimna i deszczowa, ale będzie piękna, barwna, ciepła i bogata w jesienne dary. Oczywiście korzystaliśmy z kleju na gorąco i tu trzeba zachować szczególną ostrożność, ale chyba to jedyny sposób by utrzymać kompozycje z różnych materiałów i struktur.</p>

<!-- This site is optimized with the Yoast SEO plugin v24.5 - https://yoast.com/wordpress/plugins/seo/ -->
<title>Artystycznie Witamy Jesień - Pracownia Orange Szczawne</title>
<meta name="robots" content="index, follow, max-snippet:-1, max-image-preview:large, max-video-preview:-1" />
<link rel="canonical" href="https://pracownieorange.pl/szczawne/challange/artystycznie-witamy-jesien/" />
<meta property="og:locale" content="pl_PL" />
<meta property="og:type" content="article" />
<meta property="og:title" content="Artystycznie Witamy Jesień - Pracownia Orange Szczawne" />
<meta property="og:description" content="Dzisiaj w Pracowni Orange w Szczawnem przywitaliśmy złotą porę roku [&hellip;]" />
<meta property="og:url" content="https://pracownieorange.pl/szczawne/challange/artystycznie-witamy-jesien/" />
<meta property="og:site_name" content="Pracownia Orange Szczawne" />
<meta property="og:image" content="https://pracownieorange.pl/app/uploads/sites/54/2023/09/378186049_632633782349625_9123076048067498866_n.jpg" />
	<meta property="og:image:width" content="1536" />
	<meta property="og:image:height" content="2048" />
	<meta property="og:image:type" content="image/jpeg" />
<meta name="twitter:card" content="summary_large_image" />
<meta name="twitter:label1" content="Est. reading time" />
	<meta name="twitter:data1" content="1 minuta" />
<script type="application/ld+json" class="yoast-schema-graph">{"@context":"https://schema.org","@graph":[{"@type":"WebPage","@id":"https://pracownieorange.pl/szczawne/challange/artystycznie-witamy-jesien/","url":"https://pracownieorange.pl/szczawne/challange/artystycznie-witamy-jesien/","name":"Artystycznie Witamy Jesień - Pracownia Orange Szczawne","isPartOf":{"@id":"https://pracownieorange.pl/szczawne/#website"},"primaryImageOfPage":{"@id":"https://pracownieorange.pl/szczawne/challange/artystycznie-witamy-jesien/#primaryimage"},"image":{"@id":"https://pracownieorange.pl/szczawne/challange/artystycznie-witamy-jesien/#primaryimage"},"thumbnailUrl":"https://pracownieorange.pl/app/uploads/sites/54/2023/09/378186049_632633782349625_9123076048067498866_n.jpg","datePublished":"2023-09-21T17:26:50+00:00","breadcrumb":{"@id":"https://pracownieorange.pl/szczawne/challange/artystycznie-witamy-jesien/#breadcrumb"},"inLanguage":"pl-PL","potentialAction":[{"@type":"ReadAction","target":["https://pracownieorange.pl/szczawne/challange/artystycznie-witamy-jesien/"]}]},{"@type":"ImageObject","inLanguage":"pl-PL","@id":"https://pracownieorange.pl/szczawne/challange/artystycznie-witamy-jesien/#primaryimage","url":"https://pracownieorange.pl/app/uploads/sites/54/2023/09/378186049_632633782349625_9123076048067498866_n.jpg","contentUrl":"https://pracownieorange.pl/app/uploads/sites/54/2023/09/378186049_632633782349625_9123076048067498866_n.jpg","width":1536,"height":2048,"caption":"drzewo z kory szyszek i suszonych kwiatów"},{"@type":"BreadcrumbList","@id":"https://pracownieorange.pl/szczawne/challange/artystycznie-witamy-jesien/#breadcrumb","itemListElement":[{"@type":"ListItem","position":1,"name":"Home","item":"https://pracownieorange.pl/szczawne/"},{"@type":"ListItem","position":2,"name":"Relacje","item":"https://pracownieorange.pl/szczawne/challange/"},{"@type":"ListItem","position":3,"name":"Artystycznie Witamy Jesień"}]},{"@type":"WebSite","@id":"https://pracownieorange.pl/szczawne/#website","url":"https://pracownieorange.pl/szczawne/","name":"Pracownia Orange Szczawne","description":"Kolejna witryna sieci &#8222;Pracownie Orange&#8221;","potentialAction":[{"@type":"SearchAction","target":{"@type":"EntryPoint","urlTemplate":"https://pracownieorange.pl/szczawne/?s={search_term_string}"},"query-input":{"@type":"PropertyValueSpecification","valueRequired":true,"valueName":"search_term_string"}}],"inLanguage":"pl-PL"}]}</script>
<!-- / Yoast SEO plugin. -->

Artystycznie Witamy Jesień - Pracownia Orange Szczawne

Dzisiaj w Pracowni Orange w Szczawnem przywitaliśmy złotą porę roku [&hellip;]

drzewo z kory szyszek i suszonych kwiatów
