

{"id":131,"date":"2024-08-08T09:03:13","date_gmt":"2024-08-08T07:03:13","guid":{"rendered":"https:\/\/pracownieorange.pl\/przedmoscie\/?post_type=inspiration&#038;p=131"},"modified":"2024-08-12T13:14:07","modified_gmt":"2024-08-12T11:14:07","slug":"woda-owad-zielone-wakacje-w-gminie-glogow-ekogrant","status":"publish","type":"inspiration","link":"https:\/\/pracownieorange.pl\/przedmoscie\/inspiration\/woda-owad-zielone-wakacje-w-gminie-glogow-ekogrant\/","title":{"rendered":"&#8222;WODA\/ OWAD: zielone wakacje w Gminie G\u0142og\u00f3w- ekogrant."},"content":{"rendered":"<p>W lipcu br. Centrum Biblioteczno-Kulturalne Gminy G\u0142og\u00f3w zrealizowa\u0142o projekt zatytu\u0142owany \u201eWODA\/OWAD: zielone wakacje w Gminie G\u0142og\u00f3w\u201d, z dzia\u0142aniami skierowanymi do m\u0142odych mieszka\u0144c\u00f3w Gminy G\u0142og\u00f3w, maj\u0105cymi na celu rozw\u00f3j wiedzy w zakresie ekologii oraz wykorzystanie jej w dzia\u0142aniach praktycznych. Pozyskali\u015bmy na ten cel dotacj\u0119 z programu Fundacja Orange \u201eEkogranty\u201d.<br \/>\nW ramach projektu nasza Pracownia Orange zorganizowa\u0142a dwa spacery edukacyjne z elementami gier terenowych, zatytu\u0142owane \u201eGdzie jest WODA?\u201d, kt\u00f3re odby\u0142y si\u0119 w Borku i Przedmo\u015bciu. Korzystaj\u0105c z opracowanych scenariuszy wypraw, m\u0142odzi uczestnicy poszukiwali tajemniczych kopert z wodnymi ilustracjami i s\u0142owami, pozyskuj\u0105c sporo wiedzy na temat wyst\u0119powania i magazynowania wody w przyrodzie. Trzeba by\u0142o wykaza\u0107 si\u0119 wiedz\u0105 i spostrzegawczo\u015bci\u0105, a tak\u017ce wykona\u0107 rozmaite zadania dodatkowe, np. u\u0142o\u017cy\u0107 wodne puzzle, odszuka\u0107 kranik, odkry\u0107 studnie uj\u0119cia wody, odszuka\u0107 rzeki na mapie okolicy.<br \/>\nTak\u017ce w obu wspomnianych miejscowo\u015bciach mia\u0142y miejsce warsztaty edukacyjno-techniczne \u201eGdzie jest OWAD?\u201d, podczas kt\u00f3rych wsp\u00f3lnie skonstruowali\u015bmy i wyposa\u017cyli\u015bmy dwa du\u017ce domki dla owad\u00f3w, kt\u00f3re lada moment zostan\u0105 zamontowane przy naszych \u015bwietlicach. W podzi\u0119kowaniu za zaanga\u017cowanie, wszyscy uczestnicy spacer\u00f3w i warsztat\u00f3w otrzymali okoliczno\u015bciowe upominki.<br \/>\nDzi\u0119kujemy bardzo Fundacji Orange za mo\u017cliwo\u015b\u0107 realizacji tego projektu, a wszystkim uczestnikom za ciekawie i edukacyjnie sp\u0119dzony czas! Specjalne podzi\u0119kowania dla p. Mietka i p. Paw\u0142a za pomoc w wykonaniu konstrukcji domk\u00f3w!<\/p>\n","protected":false},"excerpt":{"rendered":"<p>W lipcu br. Centrum Biblioteczno-Kulturalne Gminy G\u0142og\u00f3w zrealizowa\u0142o projekt zatytu\u0142owany [&hellip;]<\/p>\n","protected":false},"featured_media":132,"comment_status":"open","ping_status":"closed","template":"","class_list":["post-131","inspiration","type-inspiration","status-publish","has-post-thumbnail","hentry"],"acf":[],"yoast_head":"<!-- This site is optimized with the Yoast SEO plugin v24.5 - https:\/\/yoast.com\/wordpress\/plugins\/seo\/ -->\n<title>&quot;WODA\/ OWAD: zielone wakacje w Gminie G\u0142og\u00f3w- ekogrant. - Pracownia Orange Przedmo\u015bcie<\/title>\n<meta name=\"robots\" content=\"index, follow, max-snippet:-1, max-image-preview:large, max-video-preview:-1\" \/>\n<link rel=\"canonical\" href=\"https:\/\/pracownieorange.pl\/przedmoscie\/inspiration\/woda-owad-zielone-wakacje-w-gminie-glogow-ekogrant\/\" \/>\n<meta property=\"og:locale\" content=\"pl_PL\" \/>\n<meta property=\"og:type\" content=\"article\" \/>\n<meta property=\"og:title\" content=\"&quot;WODA\/ OWAD: zielone wakacje w Gminie G\u0142og\u00f3w- ekogrant. - Pracownia Orange Przedmo\u015bcie\" \/>\n<meta property=\"og:description\" content=\"W lipcu br. Centrum Biblioteczno-Kulturalne Gminy G\u0142og\u00f3w zrealizowa\u0142o projekt zatytu\u0142owany [&hellip;]\" \/>\n<meta property=\"og:url\" content=\"https:\/\/pracownieorange.pl\/przedmoscie\/inspiration\/woda-owad-zielone-wakacje-w-gminie-glogow-ekogrant\/\" \/>\n<meta property=\"og:site_name\" content=\"Pracownia Orange Przedmo\u015bcie\" \/>\n<meta property=\"article:modified_time\" content=\"2024-08-12T11:14:07+00:00\" \/>\n<meta property=\"og:image\" content=\"https:\/\/pracownieorange.pl\/app\/uploads\/sites\/80\/2024\/08\/451088866_907860708037040_5120362438321784689_n.jpg\" \/>\n\t<meta property=\"og:image:width\" content=\"2048\" \/>\n\t<meta property=\"og:image:height\" content=\"1475\" \/>\n\t<meta property=\"og:image:type\" content=\"image\/jpeg\" \/>\n<meta name=\"twitter:card\" content=\"summary_large_image\" \/>\n<meta name=\"twitter:label1\" content=\"Est. reading time\" \/>\n\t<meta name=\"twitter:data1\" content=\"2 minuty\" \/>\n<script type=\"application\/ld+json\" class=\"yoast-schema-graph\">{\"@context\":\"https:\/\/schema.org\",\"@graph\":[{\"@type\":\"WebPage\",\"@id\":\"https:\/\/pracownieorange.pl\/przedmoscie\/inspiration\/woda-owad-zielone-wakacje-w-gminie-glogow-ekogrant\/\",\"url\":\"https:\/\/pracownieorange.pl\/przedmoscie\/inspiration\/woda-owad-zielone-wakacje-w-gminie-glogow-ekogrant\/\",\"name\":\"\\\"WODA\/ OWAD: zielone wakacje w Gminie G\u0142og\u00f3w- ekogrant. - Pracownia Orange Przedmo\u015bcie\",\"isPartOf\":{\"@id\":\"https:\/\/pracownieorange.pl\/przedmoscie\/#website\"},\"primaryImageOfPage\":{\"@id\":\"https:\/\/pracownieorange.pl\/przedmoscie\/inspiration\/woda-owad-zielone-wakacje-w-gminie-glogow-ekogrant\/#primaryimage\"},\"image\":{\"@id\":\"https:\/\/pracownieorange.pl\/przedmoscie\/inspiration\/woda-owad-zielone-wakacje-w-gminie-glogow-ekogrant\/#primaryimage\"},\"thumbnailUrl\":\"https:\/\/pracownieorange.pl\/app\/uploads\/sites\/80\/2024\/08\/451088866_907860708037040_5120362438321784689_n.jpg\",\"datePublished\":\"2024-08-08T07:03:13+00:00\",\"dateModified\":\"2024-08-12T11:14:07+00:00\",\"breadcrumb\":{\"@id\":\"https:\/\/pracownieorange.pl\/przedmoscie\/inspiration\/woda-owad-zielone-wakacje-w-gminie-glogow-ekogrant\/#breadcrumb\"},\"inLanguage\":\"pl-PL\",\"potentialAction\":[{\"@type\":\"ReadAction\",\"target\":[\"https:\/\/pracownieorange.pl\/przedmoscie\/inspiration\/woda-owad-zielone-wakacje-w-gminie-glogow-ekogrant\/\"]}]},{\"@type\":\"ImageObject\",\"inLanguage\":\"pl-PL\",\"@id\":\"https:\/\/pracownieorange.pl\/przedmoscie\/inspiration\/woda-owad-zielone-wakacje-w-gminie-glogow-ekogrant\/#primaryimage\",\"url\":\"https:\/\/pracownieorange.pl\/app\/uploads\/sites\/80\/2024\/08\/451088866_907860708037040_5120362438321784689_n.jpg\",\"contentUrl\":\"https:\/\/pracownieorange.pl\/app\/uploads\/sites\/80\/2024\/08\/451088866_907860708037040_5120362438321784689_n.jpg\",\"width\":2048,\"height\":1475,\"caption\":\"plakat promocyjny projekt woda\/owad\"},{\"@type\":\"BreadcrumbList\",\"@id\":\"https:\/\/pracownieorange.pl\/przedmoscie\/inspiration\/woda-owad-zielone-wakacje-w-gminie-glogow-ekogrant\/#breadcrumb\",\"itemListElement\":[{\"@type\":\"ListItem\",\"position\":1,\"name\":\"Home\",\"item\":\"https:\/\/pracownieorange.pl\/przedmoscie\/\"},{\"@type\":\"ListItem\",\"position\":2,\"name\":\"Inspiracje\",\"item\":\"https:\/\/pracownieorange.pl\/przedmoscie\/inspiration\/\"},{\"@type\":\"ListItem\",\"position\":3,\"name\":\"&#8222;WODA\/ OWAD: zielone wakacje w Gminie G\u0142og\u00f3w- ekogrant.\"}]},{\"@type\":\"WebSite\",\"@id\":\"https:\/\/pracownieorange.pl\/przedmoscie\/#website\",\"url\":\"https:\/\/pracownieorange.pl\/przedmoscie\/\",\"name\":\"Pracownia Orange Przedmo\u015bcie\",\"description\":\"Kolejna witryna sieci \u201ePracownie Orange\u201d\",\"potentialAction\":[{\"@type\":\"SearchAction\",\"target\":{\"@type\":\"EntryPoint\",\"urlTemplate\":\"https:\/\/pracownieorange.pl\/przedmoscie\/?s={search_term_string}\"},\"query-input\":{\"@type\":\"PropertyValueSpecification\",\"valueRequired\":true,\"valueName\":\"search_term_string\"}}],\"inLanguage\":\"pl-PL\"}]}<\/script>\n<!-- \/ Yoast SEO plugin. -->","yoast_head_json":{"title":"\"WODA\/ OWAD: zielone wakacje w Gminie G\u0142og\u00f3w- ekogrant. - Pracownia Orange Przedmo\u015bcie","robots":{"index":"index","follow":"follow","max-snippet":"max-snippet:-1","max-image-preview":"max-image-preview:large","max-video-preview":"max-video-preview:-1"},"canonical":"https:\/\/pracownieorange.pl\/przedmoscie\/inspiration\/woda-owad-zielone-wakacje-w-gminie-glogow-ekogrant\/","og_locale":"pl_PL","og_type":"article","og_title":"\"WODA\/ OWAD: zielone wakacje w Gminie G\u0142og\u00f3w- ekogrant. - Pracownia Orange Przedmo\u015bcie","og_description":"W lipcu br. Centrum Biblioteczno-Kulturalne Gminy G\u0142og\u00f3w zrealizowa\u0142o projekt zatytu\u0142owany [&hellip;]","og_url":"https:\/\/pracownieorange.pl\/przedmoscie\/inspiration\/woda-owad-zielone-wakacje-w-gminie-glogow-ekogrant\/","og_site_name":"Pracownia Orange Przedmo\u015bcie","article_modified_time":"2024-08-12T11:14:07+00:00","og_image":[{"width":2048,"height":1475,"url":"https:\/\/pracownieorange.pl\/app\/uploads\/sites\/80\/2024\/08\/451088866_907860708037040_5120362438321784689_n.jpg","type":"image\/jpeg"}],"twitter_card":"summary_large_image","twitter_misc":{"Est. reading time":"2 minuty"},"schema":{"@context":"https:\/\/schema.org","@graph":[{"@type":"WebPage","@id":"https:\/\/pracownieorange.pl\/przedmoscie\/inspiration\/woda-owad-zielone-wakacje-w-gminie-glogow-ekogrant\/","url":"https:\/\/pracownieorange.pl\/przedmoscie\/inspiration\/woda-owad-zielone-wakacje-w-gminie-glogow-ekogrant\/","name":"\"WODA\/ OWAD: zielone wakacje w Gminie G\u0142og\u00f3w- ekogrant. - Pracownia Orange Przedmo\u015bcie","isPartOf":{"@id":"https:\/\/pracownieorange.pl\/przedmoscie\/#website"},"primaryImageOfPage":{"@id":"https:\/\/pracownieorange.pl\/przedmoscie\/inspiration\/woda-owad-zielone-wakacje-w-gminie-glogow-ekogrant\/#primaryimage"},"image":{"@id":"https:\/\/pracownieorange.pl\/przedmoscie\/inspiration\/woda-owad-zielone-wakacje-w-gminie-glogow-ekogrant\/#primaryimage"},"thumbnailUrl":"https:\/\/pracownieorange.pl\/app\/uploads\/sites\/80\/2024\/08\/451088866_907860708037040_5120362438321784689_n.jpg","datePublished":"2024-08-08T07:03:13+00:00","dateModified":"2024-08-12T11:14:07+00:00","breadcrumb":{"@id":"https:\/\/pracownieorange.pl\/przedmoscie\/inspiration\/woda-owad-zielone-wakacje-w-gminie-glogow-ekogrant\/#breadcrumb"},"inLanguage":"pl-PL","potentialAction":[{"@type":"ReadAction","target":["https:\/\/pracownieorange.pl\/przedmoscie\/inspiration\/woda-owad-zielone-wakacje-w-gminie-glogow-ekogrant\/"]}]},{"@type":"ImageObject","inLanguage":"pl-PL","@id":"https:\/\/pracownieorange.pl\/przedmoscie\/inspiration\/woda-owad-zielone-wakacje-w-gminie-glogow-ekogrant\/#primaryimage","url":"https:\/\/pracownieorange.pl\/app\/uploads\/sites\/80\/2024\/08\/451088866_907860708037040_5120362438321784689_n.jpg","contentUrl":"https:\/\/pracownieorange.pl\/app\/uploads\/sites\/80\/2024\/08\/451088866_907860708037040_5120362438321784689_n.jpg","width":2048,"height":1475,"caption":"plakat promocyjny projekt woda\/owad"},{"@type":"BreadcrumbList","@id":"https:\/\/pracownieorange.pl\/przedmoscie\/inspiration\/woda-owad-zielone-wakacje-w-gminie-glogow-ekogrant\/#breadcrumb","itemListElement":[{"@type":"ListItem","position":1,"name":"Home","item":"https:\/\/pracownieorange.pl\/przedmoscie\/"},{"@type":"ListItem","position":2,"name":"Inspiracje","item":"https:\/\/pracownieorange.pl\/przedmoscie\/inspiration\/"},{"@type":"ListItem","position":3,"name":"&#8222;WODA\/ OWAD: zielone wakacje w Gminie G\u0142og\u00f3w- ekogrant."}]},{"@type":"WebSite","@id":"https:\/\/pracownieorange.pl\/przedmoscie\/#website","url":"https:\/\/pracownieorange.pl\/przedmoscie\/","name":"Pracownia Orange Przedmo\u015bcie","description":"Kolejna witryna sieci \u201ePracownie Orange\u201d","potentialAction":[{"@type":"SearchAction","target":{"@type":"EntryPoint","urlTemplate":"https:\/\/pracownieorange.pl\/przedmoscie\/?s={search_term_string}"},"query-input":{"@type":"PropertyValueSpecification","valueRequired":true,"valueName":"search_term_string"}}],"inLanguage":"pl-PL"}]}},"_links":{"self":[{"href":"https:\/\/pracownieorange.pl\/przedmoscie\/wp-json\/wp\/v2\/inspiration\/131","targetHints":{"allow":["GET"]}}],"collection":[{"href":"https:\/\/pracownieorange.pl\/przedmoscie\/wp-json\/wp\/v2\/inspiration"}],"about":[{"href":"https:\/\/pracownieorange.pl\/przedmoscie\/wp-json\/wp\/v2\/types\/inspiration"}],"replies":[{"embeddable":true,"href":"https:\/\/pracownieorange.pl\/przedmoscie\/wp-json\/wp\/v2\/comments?post=131"}],"wp:featuredmedia":[{"embeddable":true,"href":"https:\/\/pracownieorange.pl\/przedmoscie\/wp-json\/wp\/v2\/media\/132"}],"wp:attachment":[{"href":"https:\/\/pracownieorange.pl\/przedmoscie\/wp-json\/wp\/v2\/media?parent=131"}],"curies":[{"name":"wp","href":"https:\/\/api.w.org\/{rel}","templated":true}]}}

&#8222;WODA/ OWAD: zielone wakacje w Gminie Głogów- ekogrant.

<p>W lipcu br. Centrum Biblioteczno-Kulturalne Gminy Głogów zrealizowało projekt zatytułowany „WODA/OWAD: zielone wakacje w Gminie Głogów”, z działaniami skierowanymi do młodych mieszkańców Gminy Głogów, mającymi na celu rozwój wiedzy w zakresie ekologii oraz wykorzystanie jej w działaniach praktycznych. Pozyskaliśmy na ten cel dotację z programu Fundacja Orange „Ekogranty”.<br />
W ramach projektu nasza Pracownia Orange zorganizowała dwa spacery edukacyjne z elementami gier terenowych, zatytułowane „Gdzie jest WODA?”, które odbyły się w Borku i Przedmościu. Korzystając z opracowanych scenariuszy wypraw, młodzi uczestnicy poszukiwali tajemniczych kopert z wodnymi ilustracjami i słowami, pozyskując sporo wiedzy na temat występowania i magazynowania wody w przyrodzie. Trzeba było wykazać się wiedzą i spostrzegawczością, a także wykonać rozmaite zadania dodatkowe, np. ułożyć wodne puzzle, odszukać kranik, odkryć studnie ujęcia wody, odszukać rzeki na mapie okolicy.<br />
Także w obu wspomnianych miejscowościach miały miejsce warsztaty edukacyjno-techniczne „Gdzie jest OWAD?”, podczas których wspólnie skonstruowaliśmy i wyposażyliśmy dwa duże domki dla owadów, które lada moment zostaną zamontowane przy naszych świetlicach. W podziękowaniu za zaangażowanie, wszyscy uczestnicy spacerów i warsztatów otrzymali okolicznościowe upominki.<br />
Dziękujemy bardzo Fundacji Orange za możliwość realizacji tego projektu, a wszystkim uczestnikom za ciekawie i edukacyjnie spędzony czas! Specjalne podziękowania dla p. Mietka i p. Pawła za pomoc w wykonaniu konstrukcji domków!</p>

<p>W lipcu br. Centrum Biblioteczno-Kulturalne Gminy Głogów zrealizowało projekt zatytułowany [&hellip;]</p>

<!-- This site is optimized with the Yoast SEO plugin v24.5 - https://yoast.com/wordpress/plugins/seo/ -->
<title>&quot;WODA/ OWAD: zielone wakacje w Gminie Głogów- ekogrant. - Pracownia Orange Przedmoście</title>
<meta name="robots" content="index, follow, max-snippet:-1, max-image-preview:large, max-video-preview:-1" />
<link rel="canonical" href="https://pracownieorange.pl/przedmoscie/inspiration/woda-owad-zielone-wakacje-w-gminie-glogow-ekogrant/" />
<meta property="og:locale" content="pl_PL" />
<meta property="og:type" content="article" />
<meta property="og:title" content="&quot;WODA/ OWAD: zielone wakacje w Gminie Głogów- ekogrant. - Pracownia Orange Przedmoście" />
<meta property="og:description" content="W lipcu br. Centrum Biblioteczno-Kulturalne Gminy Głogów zrealizowało projekt zatytułowany [&hellip;]" />
<meta property="og:url" content="https://pracownieorange.pl/przedmoscie/inspiration/woda-owad-zielone-wakacje-w-gminie-glogow-ekogrant/" />
<meta property="og:site_name" content="Pracownia Orange Przedmoście" />
<meta property="article:modified_time" content="2024-08-12T11:14:07+00:00" />
<meta property="og:image" content="https://pracownieorange.pl/app/uploads/sites/80/2024/08/451088866_907860708037040_5120362438321784689_n.jpg" />
	<meta property="og:image:width" content="2048" />
	<meta property="og:image:height" content="1475" />
	<meta property="og:image:type" content="image/jpeg" />
<meta name="twitter:card" content="summary_large_image" />
<meta name="twitter:label1" content="Est. reading time" />
	<meta name="twitter:data1" content="2 minuty" />
<script type="application/ld+json" class="yoast-schema-graph">{"@context":"https://schema.org","@graph":[{"@type":"WebPage","@id":"https://pracownieorange.pl/przedmoscie/inspiration/woda-owad-zielone-wakacje-w-gminie-glogow-ekogrant/","url":"https://pracownieorange.pl/przedmoscie/inspiration/woda-owad-zielone-wakacje-w-gminie-glogow-ekogrant/","name":"\"WODA/ OWAD: zielone wakacje w Gminie Głogów- ekogrant. - Pracownia Orange Przedmoście","isPartOf":{"@id":"https://pracownieorange.pl/przedmoscie/#website"},"primaryImageOfPage":{"@id":"https://pracownieorange.pl/przedmoscie/inspiration/woda-owad-zielone-wakacje-w-gminie-glogow-ekogrant/#primaryimage"},"image":{"@id":"https://pracownieorange.pl/przedmoscie/inspiration/woda-owad-zielone-wakacje-w-gminie-glogow-ekogrant/#primaryimage"},"thumbnailUrl":"https://pracownieorange.pl/app/uploads/sites/80/2024/08/451088866_907860708037040_5120362438321784689_n.jpg","datePublished":"2024-08-08T07:03:13+00:00","dateModified":"2024-08-12T11:14:07+00:00","breadcrumb":{"@id":"https://pracownieorange.pl/przedmoscie/inspiration/woda-owad-zielone-wakacje-w-gminie-glogow-ekogrant/#breadcrumb"},"inLanguage":"pl-PL","potentialAction":[{"@type":"ReadAction","target":["https://pracownieorange.pl/przedmoscie/inspiration/woda-owad-zielone-wakacje-w-gminie-glogow-ekogrant/"]}]},{"@type":"ImageObject","inLanguage":"pl-PL","@id":"https://pracownieorange.pl/przedmoscie/inspiration/woda-owad-zielone-wakacje-w-gminie-glogow-ekogrant/#primaryimage","url":"https://pracownieorange.pl/app/uploads/sites/80/2024/08/451088866_907860708037040_5120362438321784689_n.jpg","contentUrl":"https://pracownieorange.pl/app/uploads/sites/80/2024/08/451088866_907860708037040_5120362438321784689_n.jpg","width":2048,"height":1475,"caption":"plakat promocyjny projekt woda/owad"},{"@type":"BreadcrumbList","@id":"https://pracownieorange.pl/przedmoscie/inspiration/woda-owad-zielone-wakacje-w-gminie-glogow-ekogrant/#breadcrumb","itemListElement":[{"@type":"ListItem","position":1,"name":"Home","item":"https://pracownieorange.pl/przedmoscie/"},{"@type":"ListItem","position":2,"name":"Inspiracje","item":"https://pracownieorange.pl/przedmoscie/inspiration/"},{"@type":"ListItem","position":3,"name":"&#8222;WODA/ OWAD: zielone wakacje w Gminie Głogów- ekogrant."}]},{"@type":"WebSite","@id":"https://pracownieorange.pl/przedmoscie/#website","url":"https://pracownieorange.pl/przedmoscie/","name":"Pracownia Orange Przedmoście","description":"Kolejna witryna sieci „Pracownie Orange”","potentialAction":[{"@type":"SearchAction","target":{"@type":"EntryPoint","urlTemplate":"https://pracownieorange.pl/przedmoscie/?s={search_term_string}"},"query-input":{"@type":"PropertyValueSpecification","valueRequired":true,"valueName":"search_term_string"}}],"inLanguage":"pl-PL"}]}</script>
<!-- / Yoast SEO plugin. -->

"WODA/ OWAD: zielone wakacje w Gminie Głogów- ekogrant. - Pracownia Orange Przedmoście

W lipcu br. Centrum Biblioteczno-Kulturalne Gminy Głogów zrealizowało projekt zatytułowany [&hellip;]

Pracownia Orange Przedmoście
