

{"id":1444,"date":"2026-09-02T11:55:55","date_gmt":"2026-09-02T09:55:55","guid":{"rendered":"https:\/\/pracownieorange.pl\/jaraczewo\/?post_type=inspiration&#038;p=1444"},"modified":"2026-09-05T12:48:28","modified_gmt":"2026-09-05T10:48:28","slug":"klucze-do-magicznej-przygody","status":"publish","type":"inspiration","link":"https:\/\/pracownieorange.pl\/jaraczewo\/inspiration\/klucze-do-magicznej-przygody\/","title":{"rendered":"Klucze do magicznej  przygody!"},"content":{"rendered":"<p><span class=\"html-span xdj266r x14z9mp xat24cr x1lziwak xexx8yu xyri2b x18d9i69 x1c1uobl x1hl2dhg x16tdsg8 x1vvkbs x4k7w5x x1h91t0o x1h9r5lt x1jfb8zj xv2umb2 x1beo9mf xaigb6o x12ejxvf x3igimt xarpa2k xedcshv x1lytzrv x1t2pt76 x7ja8zs x1qrby5j\"><span class=\"x193iq5w xeuugli x13faqbe x1vvkbs x1xmvt09 x1lliihq x1s928wv xhkezso x1gmr53x x1cpjm7i x1fgarty x1943h6x xudqn12 x3x7a5m x6prxxf xvq8zen xo1l8bm x14ctfv\" dir=\"auto\">\u00a0Czy zwyk\u0142y klucz mo\u017ce mie\u0107 niezwyk\u0142\u0105 moc? Oczywi\u015bcie, \u017ce tak \u2013 szczeg\u00f3lnie je\u015bli powstaje specjalnie na nocowanie w bibliotece! \u00a0Z okazji naszego wyj\u0105tkowego wydarzenia przygotowali\u015bmy dla dzieci niezwyk\u0142\u0105 pami\u0105tk\u0119 \u2013 kolorowe klucze wydrukowane na drukarce 3D. <\/span><\/span><\/p>\n<p><span class=\"html-span xdj266r x14z9mp xat24cr x1lziwak xexx8yu xyri2b x18d9i69 x1c1uobl x1hl2dhg x16tdsg8 x1vvkbs x4k7w5x x1h91t0o x1h9r5lt x1jfb8zj xv2umb2 x1beo9mf xaigb6o x12ejxvf x3igimt xarpa2k xedcshv x1lytzrv x1t2pt76 x7ja8zs x1qrby5j\"><span class=\"x193iq5w xeuugli x13faqbe x1vvkbs x1xmvt09 x1lliihq x1s928wv xhkezso x1gmr53x x1cpjm7i x1fgarty x1943h6x xudqn12 x3x7a5m x6prxxf xvq8zen xo1l8bm x14ctfv\" dir=\"auto\">\u00a0Ka\u017cdy klucz mia\u0142 symboliczne znaczenie. By\u0142 nie tylko gad\u017cetem, kt\u00f3ry dzieci mog\u0142y zabra\u0107 ze sob\u0105 do domu, ale przede wszystkim kluczem do \u015bwiata wyobra\u017ani, ksi\u0105\u017cek i bibliotecznych tajemnic. To w\u0142a\u015bnie taki klucz pom\u00f3g\u0142 naszym uczestnikom podczas nocnej przygody odnale\u017a\u0107 drog\u0119 do zaginionej ksi\u0119gi. \u00a0Na dzieci czeka\u0142y zagadki, zadania, zabawy i kolejne wskaz\u00f3wki, a ka\u017cdy rozwi\u0105zany etap przybli\u017ca\u0142 je do odkrycia bibliotecznej tajemnicy.<\/span><\/span><\/p>\n<p><span class=\"html-span xdj266r x14z9mp xat24cr x1lziwak xexx8yu xyri2b x18d9i69 x1c1uobl x1hl2dhg x16tdsg8 x1vvkbs x4k7w5x x1h91t0o x1h9r5lt x1jfb8zj xv2umb2 x1beo9mf xaigb6o x12ejxvf x3igimt xarpa2k xedcshv x1lytzrv x1t2pt76 x7ja8zs x1qrby5j\"><span class=\"x193iq5w xeuugli x13faqbe x1vvkbs x1xmvt09 x1lliihq x1s928wv xhkezso x1gmr53x x1cpjm7i x1fgarty x1943h6x xudqn12 x3x7a5m x6prxxf xvq8zen xo1l8bm x14ctfv\" dir=\"auto\"> Klucze zosta\u0142y przygotowane z wykorzystaniem drukarki 3D, dzi\u0119ki czemu technologia po\u0142\u0105czy\u0142a si\u0119 z magi\u0105 ksi\u0105\u017cek i dzieci\u0119cej wyobra\u017ani. \u00a0Mamy nadziej\u0119, \u017ce ka\u017cdy ma\u0142y uczestnik, patrz\u0105c na sw\u00f3j klucz, b\u0119dzie wspomina\u0142 t\u0119 wyj\u0105tkow\u0105 noc. \u00a0To dzi\u0119ki pracowni mo\u017cemy tworzy\u0107 niepowtarzalne gad\u017cety.<\/span><\/span><\/p>\n","protected":false},"excerpt":{"rendered":"<p>\u00a0Czy zwyk\u0142y klucz mo\u017ce mie\u0107 niezwyk\u0142\u0105 moc? Oczywi\u015bcie, \u017ce tak [&hellip;]<\/p>\n","protected":false},"featured_media":1447,"comment_status":"open","ping_status":"closed","template":"","class_list":["post-1444","inspiration","type-inspiration","status-publish","has-post-thumbnail","hentry"],"acf":[],"_links":{"self":[{"href":"https:\/\/pracownieorange.pl\/jaraczewo\/wp-json\/wp\/v2\/inspiration\/1444","targetHints":{"allow":["GET"]}}],"collection":[{"href":"https:\/\/pracownieorange.pl\/jaraczewo\/wp-json\/wp\/v2\/inspiration"}],"about":[{"href":"https:\/\/pracownieorange.pl\/jaraczewo\/wp-json\/wp\/v2\/types\/inspiration"}],"replies":[{"embeddable":true,"href":"https:\/\/pracownieorange.pl\/jaraczewo\/wp-json\/wp\/v2\/comments?post=1444"}],"wp:featuredmedia":[{"embeddable":true,"href":"https:\/\/pracownieorange.pl\/jaraczewo\/wp-json\/wp\/v2\/media\/1447"}],"wp:attachment":[{"href":"https:\/\/pracownieorange.pl\/jaraczewo\/wp-json\/wp\/v2\/media?parent=1444"}],"curies":[{"name":"wp","href":"https:\/\/api.w.org\/{rel}","templated":true}]}}

<p><span class="html-span xdj266r x14z9mp xat24cr x1lziwak xexx8yu xyri2b x18d9i69 x1c1uobl x1hl2dhg x16tdsg8 x1vvkbs x4k7w5x x1h91t0o x1h9r5lt x1jfb8zj xv2umb2 x1beo9mf xaigb6o x12ejxvf x3igimt xarpa2k xedcshv x1lytzrv x1t2pt76 x7ja8zs x1qrby5j"><span class="x193iq5w xeuugli x13faqbe x1vvkbs x1xmvt09 x1lliihq x1s928wv xhkezso x1gmr53x x1cpjm7i x1fgarty x1943h6x xudqn12 x3x7a5m x6prxxf xvq8zen xo1l8bm x14ctfv" dir="auto"> Czy zwykły klucz może mieć niezwykłą moc? Oczywiście, że tak – szczególnie jeśli powstaje specjalnie na nocowanie w bibliotece!  Z okazji naszego wyjątkowego wydarzenia przygotowaliśmy dla dzieci niezwykłą pamiątkę – kolorowe klucze wydrukowane na drukarce 3D. </span></span></p>
<p><span class="html-span xdj266r x14z9mp xat24cr x1lziwak xexx8yu xyri2b x18d9i69 x1c1uobl x1hl2dhg x16tdsg8 x1vvkbs x4k7w5x x1h91t0o x1h9r5lt x1jfb8zj xv2umb2 x1beo9mf xaigb6o x12ejxvf x3igimt xarpa2k xedcshv x1lytzrv x1t2pt76 x7ja8zs x1qrby5j"><span class="x193iq5w xeuugli x13faqbe x1vvkbs x1xmvt09 x1lliihq x1s928wv xhkezso x1gmr53x x1cpjm7i x1fgarty x1943h6x xudqn12 x3x7a5m x6prxxf xvq8zen xo1l8bm x14ctfv" dir="auto"> Każdy klucz miał symboliczne znaczenie. Był nie tylko gadżetem, który dzieci mogły zabrać ze sobą do domu, ale przede wszystkim kluczem do świata wyobraźni, książek i bibliotecznych tajemnic. To właśnie taki klucz pomógł naszym uczestnikom podczas nocnej przygody odnaleźć drogę do zaginionej księgi.  Na dzieci czekały zagadki, zadania, zabawy i kolejne wskazówki, a każdy rozwiązany etap przybliżał je do odkrycia bibliotecznej tajemnicy.</span></span></p>
<p><span class="html-span xdj266r x14z9mp xat24cr x1lziwak xexx8yu xyri2b x18d9i69 x1c1uobl x1hl2dhg x16tdsg8 x1vvkbs x4k7w5x x1h91t0o x1h9r5lt x1jfb8zj xv2umb2 x1beo9mf xaigb6o x12ejxvf x3igimt xarpa2k xedcshv x1lytzrv x1t2pt76 x7ja8zs x1qrby5j"><span class="x193iq5w xeuugli x13faqbe x1vvkbs x1xmvt09 x1lliihq x1s928wv xhkezso x1gmr53x x1cpjm7i x1fgarty x1943h6x xudqn12 x3x7a5m x6prxxf xvq8zen xo1l8bm x14ctfv" dir="auto"> Klucze zostały przygotowane z wykorzystaniem drukarki 3D, dzięki czemu technologia połączyła się z magią książek i dziecięcej wyobraźni.  Mamy nadzieję, że każdy mały uczestnik, patrząc na swój klucz, będzie wspominał tę wyjątkową noc.  To dzięki pracowni możemy tworzyć niepowtarzalne gadżety.</span></span></p>

<p> Czy zwykły klucz może mieć niezwykłą moc? Oczywiście, że tak [&hellip;]</p>
