

{"id":551,"date":"2026-04-27T19:35:26","date_gmt":"2026-04-27T17:35:26","guid":{"rendered":"https:\/\/pracownieorange.pl\/huszlew\/?post_type=challange&#038;p=551"},"modified":"2026-04-27T19:35:26","modified_gmt":"2026-04-27T17:35:26","slug":"wiosenny-totem-spolecznosci","status":"publish","type":"challange","link":"https:\/\/pracownieorange.pl\/huszlew\/challange\/wiosenny-totem-spolecznosci\/","title":{"rendered":"Wiosenny Totem Spo\u0142eczno\u015bci"},"content":{"rendered":"<p>Wiosna to jedna z najpi\u0119kniejszych p\u00f3r roku. To czas kiedy natura budzi si\u0119 do \u017cycia po zimowym \u015bnie, trawa zaczyna si\u0119 zieleni\u0107 , drzewa wypuszczaj\u0105 p\u0105ki , a kwiaty rozkwitaj\u0105 w pe\u0142nej krasie. Jest to te\u017c czas optymizmu, nadziei i rado\u015bci. Kr\u00f3tko m\u00f3wi\u0105c wiosna jest po prostu magiczna! W\u0142a\u015bnie o tej magii rozmawiali\u015bmy na zaj\u0119ciach z uczestnikami warsztat\u00f3w , by\u0142 spacer w poszukiwaniu zmian w przyrodzie , piosenki o tematyce wiosennej rozmowy o zwiastunach wiosny no i oczywi\u015bcie stworzyli\u015bmy Wiosenny Totem. By\u0142o mn\u00f3stwo pomys\u0142\u00f3w, poprawek, przer\u00f3bek i oczywi\u015bcie du\u017co ,du\u017co rado\u015bci i \u015bmiechu.<\/p>\n<p>Wsp\u00f3lne zbudowanie totemu pozwala utrwali\u0107 oznaki wiosny, kt\u00f3re bardzo ciesz\u0105 oczy. To te\u017c okazje do rozwijania spostrzegawczo\u015bci, wra\u017cliwo\u015bci estetycznej i umiej\u0119tno\u015bci pracy w grupie.<\/p>\n","protected":false},"featured_media":530,"template":"","class_list":["post-551","challange","type-challange","status-publish","has-post-thumbnail","hentry"],"acf":[],"yoast_head":"<!-- This site is optimized with the Yoast SEO plugin v24.5 - https:\/\/yoast.com\/wordpress\/plugins\/seo\/ -->\n<title>Wiosenny Totem Spo\u0142eczno\u015bci - Pracownia Orange Huszlew<\/title>\n<meta name=\"robots\" content=\"index, follow, max-snippet:-1, max-image-preview:large, max-video-preview:-1\" \/>\n<link rel=\"canonical\" href=\"https:\/\/pracownieorange.pl\/huszlew\/challange\/wiosenny-totem-spolecznosci\/\" \/>\n<meta property=\"og:locale\" content=\"pl_PL\" \/>\n<meta property=\"og:type\" content=\"article\" \/>\n<meta property=\"og:title\" content=\"Wiosenny Totem Spo\u0142eczno\u015bci - Pracownia Orange Huszlew\" \/>\n<meta property=\"og:description\" content=\"Wiosna to jedna z najpi\u0119kniejszych p\u00f3r roku. To czas kiedy [&hellip;]\" \/>\n<meta property=\"og:url\" content=\"https:\/\/pracownieorange.pl\/huszlew\/challange\/wiosenny-totem-spolecznosci\/\" \/>\n<meta property=\"og:site_name\" content=\"Pracownia Orange Huszlew\" \/>\n<meta property=\"og:image\" content=\"https:\/\/pracownieorange.pl\/app\/uploads\/sites\/9\/2026\/04\/trashed-1779777199-IMG20260426083259-scaled.jpg\" \/>\n\t<meta property=\"og:image:width\" content=\"1920\" \/>\n\t<meta property=\"og:image:height\" content=\"2560\" \/>\n\t<meta property=\"og:image:type\" content=\"image\/jpeg\" \/>\n<meta name=\"twitter:card\" content=\"summary_large_image\" \/>\n<meta name=\"twitter:label1\" content=\"Est. reading time\" \/>\n\t<meta name=\"twitter:data1\" content=\"1 minuta\" \/>\n<script type=\"application\/ld+json\" class=\"yoast-schema-graph\">{\"@context\":\"https:\/\/schema.org\",\"@graph\":[{\"@type\":\"WebPage\",\"@id\":\"https:\/\/pracownieorange.pl\/huszlew\/challange\/wiosenny-totem-spolecznosci\/\",\"url\":\"https:\/\/pracownieorange.pl\/huszlew\/challange\/wiosenny-totem-spolecznosci\/\",\"name\":\"Wiosenny Totem Spo\u0142eczno\u015bci - Pracownia Orange Huszlew\",\"isPartOf\":{\"@id\":\"https:\/\/pracownieorange.pl\/huszlew\/#website\"},\"primaryImageOfPage\":{\"@id\":\"https:\/\/pracownieorange.pl\/huszlew\/challange\/wiosenny-totem-spolecznosci\/#primaryimage\"},\"image\":{\"@id\":\"https:\/\/pracownieorange.pl\/huszlew\/challange\/wiosenny-totem-spolecznosci\/#primaryimage\"},\"thumbnailUrl\":\"https:\/\/pracownieorange.pl\/app\/uploads\/sites\/9\/2026\/04\/trashed-1779777199-IMG20260426083259-scaled.jpg\",\"datePublished\":\"2026-04-27T17:35:26+00:00\",\"breadcrumb\":{\"@id\":\"https:\/\/pracownieorange.pl\/huszlew\/challange\/wiosenny-totem-spolecznosci\/#breadcrumb\"},\"inLanguage\":\"pl-PL\",\"potentialAction\":[{\"@type\":\"ReadAction\",\"target\":[\"https:\/\/pracownieorange.pl\/huszlew\/challange\/wiosenny-totem-spolecznosci\/\"]}]},{\"@type\":\"ImageObject\",\"inLanguage\":\"pl-PL\",\"@id\":\"https:\/\/pracownieorange.pl\/huszlew\/challange\/wiosenny-totem-spolecznosci\/#primaryimage\",\"url\":\"https:\/\/pracownieorange.pl\/app\/uploads\/sites\/9\/2026\/04\/trashed-1779777199-IMG20260426083259-scaled.jpg\",\"contentUrl\":\"https:\/\/pracownieorange.pl\/app\/uploads\/sites\/9\/2026\/04\/trashed-1779777199-IMG20260426083259-scaled.jpg\",\"width\":1920,\"height\":2560,\"caption\":\"Elementy wiosny\"},{\"@type\":\"BreadcrumbList\",\"@id\":\"https:\/\/pracownieorange.pl\/huszlew\/challange\/wiosenny-totem-spolecznosci\/#breadcrumb\",\"itemListElement\":[{\"@type\":\"ListItem\",\"position\":1,\"name\":\"Home\",\"item\":\"https:\/\/pracownieorange.pl\/huszlew\/\"},{\"@type\":\"ListItem\",\"position\":2,\"name\":\"Relacje\",\"item\":\"https:\/\/pracownieorange.pl\/huszlew\/challange\/\"},{\"@type\":\"ListItem\",\"position\":3,\"name\":\"Wiosenny Totem Spo\u0142eczno\u015bci\"}]},{\"@type\":\"WebSite\",\"@id\":\"https:\/\/pracownieorange.pl\/huszlew\/#website\",\"url\":\"https:\/\/pracownieorange.pl\/huszlew\/\",\"name\":\"Pracownia Orange Huszlew\",\"description\":\"Kolejna witryna sieci \u201ePracownie Orange\u201d\",\"potentialAction\":[{\"@type\":\"SearchAction\",\"target\":{\"@type\":\"EntryPoint\",\"urlTemplate\":\"https:\/\/pracownieorange.pl\/huszlew\/?s={search_term_string}\"},\"query-input\":{\"@type\":\"PropertyValueSpecification\",\"valueRequired\":true,\"valueName\":\"search_term_string\"}}],\"inLanguage\":\"pl-PL\"}]}<\/script>\n<!-- \/ Yoast SEO plugin. -->","yoast_head_json":{"title":"Wiosenny Totem Spo\u0142eczno\u015bci - Pracownia Orange Huszlew","robots":{"index":"index","follow":"follow","max-snippet":"max-snippet:-1","max-image-preview":"max-image-preview:large","max-video-preview":"max-video-preview:-1"},"canonical":"https:\/\/pracownieorange.pl\/huszlew\/challange\/wiosenny-totem-spolecznosci\/","og_locale":"pl_PL","og_type":"article","og_title":"Wiosenny Totem Spo\u0142eczno\u015bci - Pracownia Orange Huszlew","og_description":"Wiosna to jedna z najpi\u0119kniejszych p\u00f3r roku. To czas kiedy [&hellip;]","og_url":"https:\/\/pracownieorange.pl\/huszlew\/challange\/wiosenny-totem-spolecznosci\/","og_site_name":"Pracownia Orange Huszlew","og_image":[{"width":1920,"height":2560,"url":"https:\/\/pracownieorange.pl\/app\/uploads\/sites\/9\/2026\/04\/trashed-1779777199-IMG20260426083259-scaled.jpg","type":"image\/jpeg"}],"twitter_card":"summary_large_image","twitter_misc":{"Est. reading time":"1 minuta"},"schema":{"@context":"https:\/\/schema.org","@graph":[{"@type":"WebPage","@id":"https:\/\/pracownieorange.pl\/huszlew\/challange\/wiosenny-totem-spolecznosci\/","url":"https:\/\/pracownieorange.pl\/huszlew\/challange\/wiosenny-totem-spolecznosci\/","name":"Wiosenny Totem Spo\u0142eczno\u015bci - Pracownia Orange Huszlew","isPartOf":{"@id":"https:\/\/pracownieorange.pl\/huszlew\/#website"},"primaryImageOfPage":{"@id":"https:\/\/pracownieorange.pl\/huszlew\/challange\/wiosenny-totem-spolecznosci\/#primaryimage"},"image":{"@id":"https:\/\/pracownieorange.pl\/huszlew\/challange\/wiosenny-totem-spolecznosci\/#primaryimage"},"thumbnailUrl":"https:\/\/pracownieorange.pl\/app\/uploads\/sites\/9\/2026\/04\/trashed-1779777199-IMG20260426083259-scaled.jpg","datePublished":"2026-04-27T17:35:26+00:00","breadcrumb":{"@id":"https:\/\/pracownieorange.pl\/huszlew\/challange\/wiosenny-totem-spolecznosci\/#breadcrumb"},"inLanguage":"pl-PL","potentialAction":[{"@type":"ReadAction","target":["https:\/\/pracownieorange.pl\/huszlew\/challange\/wiosenny-totem-spolecznosci\/"]}]},{"@type":"ImageObject","inLanguage":"pl-PL","@id":"https:\/\/pracownieorange.pl\/huszlew\/challange\/wiosenny-totem-spolecznosci\/#primaryimage","url":"https:\/\/pracownieorange.pl\/app\/uploads\/sites\/9\/2026\/04\/trashed-1779777199-IMG20260426083259-scaled.jpg","contentUrl":"https:\/\/pracownieorange.pl\/app\/uploads\/sites\/9\/2026\/04\/trashed-1779777199-IMG20260426083259-scaled.jpg","width":1920,"height":2560,"caption":"Elementy wiosny"},{"@type":"BreadcrumbList","@id":"https:\/\/pracownieorange.pl\/huszlew\/challange\/wiosenny-totem-spolecznosci\/#breadcrumb","itemListElement":[{"@type":"ListItem","position":1,"name":"Home","item":"https:\/\/pracownieorange.pl\/huszlew\/"},{"@type":"ListItem","position":2,"name":"Relacje","item":"https:\/\/pracownieorange.pl\/huszlew\/challange\/"},{"@type":"ListItem","position":3,"name":"Wiosenny Totem Spo\u0142eczno\u015bci"}]},{"@type":"WebSite","@id":"https:\/\/pracownieorange.pl\/huszlew\/#website","url":"https:\/\/pracownieorange.pl\/huszlew\/","name":"Pracownia Orange Huszlew","description":"Kolejna witryna sieci \u201ePracownie Orange\u201d","potentialAction":[{"@type":"SearchAction","target":{"@type":"EntryPoint","urlTemplate":"https:\/\/pracownieorange.pl\/huszlew\/?s={search_term_string}"},"query-input":{"@type":"PropertyValueSpecification","valueRequired":true,"valueName":"search_term_string"}}],"inLanguage":"pl-PL"}]}},"_links":{"self":[{"href":"https:\/\/pracownieorange.pl\/huszlew\/wp-json\/wp\/v2\/challange\/551","targetHints":{"allow":["GET"]}}],"collection":[{"href":"https:\/\/pracownieorange.pl\/huszlew\/wp-json\/wp\/v2\/challange"}],"about":[{"href":"https:\/\/pracownieorange.pl\/huszlew\/wp-json\/wp\/v2\/types\/challange"}],"wp:featuredmedia":[{"embeddable":true,"href":"https:\/\/pracownieorange.pl\/huszlew\/wp-json\/wp\/v2\/media\/530"}],"wp:attachment":[{"href":"https:\/\/pracownieorange.pl\/huszlew\/wp-json\/wp\/v2\/media?parent=551"}],"curies":[{"name":"wp","href":"https:\/\/api.w.org\/{rel}","templated":true}]}}

Wiosenny Totem Społeczności

<p>Wiosna to jedna z najpiękniejszych pór roku. To czas kiedy natura budzi się do życia po zimowym śnie, trawa zaczyna się zielenić , drzewa wypuszczają pąki , a kwiaty rozkwitają w pełnej krasie. Jest to też czas optymizmu, nadziei i radości. Krótko mówiąc wiosna jest po prostu magiczna! Właśnie o tej magii rozmawialiśmy na zajęciach z uczestnikami warsztatów , był spacer w poszukiwaniu zmian w przyrodzie , piosenki o tematyce wiosennej rozmowy o zwiastunach wiosny no i oczywiście stworzyliśmy Wiosenny Totem. Było mnóstwo pomysłów, poprawek, przeróbek i oczywiście dużo ,dużo radości i śmiechu.</p>
<p>Wspólne zbudowanie totemu pozwala utrwalić oznaki wiosny, które bardzo cieszą oczy. To też okazje do rozwijania spostrzegawczości, wrażliwości estetycznej i umiejętności pracy w grupie.</p>

<!-- This site is optimized with the Yoast SEO plugin v24.5 - https://yoast.com/wordpress/plugins/seo/ -->
<title>Wiosenny Totem Społeczności - Pracownia Orange Huszlew</title>
<meta name="robots" content="index, follow, max-snippet:-1, max-image-preview:large, max-video-preview:-1" />
<link rel="canonical" href="https://pracownieorange.pl/huszlew/challange/wiosenny-totem-spolecznosci/" />
<meta property="og:locale" content="pl_PL" />
<meta property="og:type" content="article" />
<meta property="og:title" content="Wiosenny Totem Społeczności - Pracownia Orange Huszlew" />
<meta property="og:description" content="Wiosna to jedna z najpiękniejszych pór roku. To czas kiedy [&hellip;]" />
<meta property="og:url" content="https://pracownieorange.pl/huszlew/challange/wiosenny-totem-spolecznosci/" />
<meta property="og:site_name" content="Pracownia Orange Huszlew" />
<meta property="og:image" content="https://pracownieorange.pl/app/uploads/sites/9/2026/04/trashed-1779777199-IMG20260426083259-scaled.jpg" />
	<meta property="og:image:width" content="1920" />
	<meta property="og:image:height" content="2560" />
	<meta property="og:image:type" content="image/jpeg" />
<meta name="twitter:card" content="summary_large_image" />
<meta name="twitter:label1" content="Est. reading time" />
	<meta name="twitter:data1" content="1 minuta" />
<script type="application/ld+json" class="yoast-schema-graph">{"@context":"https://schema.org","@graph":[{"@type":"WebPage","@id":"https://pracownieorange.pl/huszlew/challange/wiosenny-totem-spolecznosci/","url":"https://pracownieorange.pl/huszlew/challange/wiosenny-totem-spolecznosci/","name":"Wiosenny Totem Społeczności - Pracownia Orange Huszlew","isPartOf":{"@id":"https://pracownieorange.pl/huszlew/#website"},"primaryImageOfPage":{"@id":"https://pracownieorange.pl/huszlew/challange/wiosenny-totem-spolecznosci/#primaryimage"},"image":{"@id":"https://pracownieorange.pl/huszlew/challange/wiosenny-totem-spolecznosci/#primaryimage"},"thumbnailUrl":"https://pracownieorange.pl/app/uploads/sites/9/2026/04/trashed-1779777199-IMG20260426083259-scaled.jpg","datePublished":"2026-04-27T17:35:26+00:00","breadcrumb":{"@id":"https://pracownieorange.pl/huszlew/challange/wiosenny-totem-spolecznosci/#breadcrumb"},"inLanguage":"pl-PL","potentialAction":[{"@type":"ReadAction","target":["https://pracownieorange.pl/huszlew/challange/wiosenny-totem-spolecznosci/"]}]},{"@type":"ImageObject","inLanguage":"pl-PL","@id":"https://pracownieorange.pl/huszlew/challange/wiosenny-totem-spolecznosci/#primaryimage","url":"https://pracownieorange.pl/app/uploads/sites/9/2026/04/trashed-1779777199-IMG20260426083259-scaled.jpg","contentUrl":"https://pracownieorange.pl/app/uploads/sites/9/2026/04/trashed-1779777199-IMG20260426083259-scaled.jpg","width":1920,"height":2560,"caption":"Elementy wiosny"},{"@type":"BreadcrumbList","@id":"https://pracownieorange.pl/huszlew/challange/wiosenny-totem-spolecznosci/#breadcrumb","itemListElement":[{"@type":"ListItem","position":1,"name":"Home","item":"https://pracownieorange.pl/huszlew/"},{"@type":"ListItem","position":2,"name":"Relacje","item":"https://pracownieorange.pl/huszlew/challange/"},{"@type":"ListItem","position":3,"name":"Wiosenny Totem Społeczności"}]},{"@type":"WebSite","@id":"https://pracownieorange.pl/huszlew/#website","url":"https://pracownieorange.pl/huszlew/","name":"Pracownia Orange Huszlew","description":"Kolejna witryna sieci „Pracownie Orange”","potentialAction":[{"@type":"SearchAction","target":{"@type":"EntryPoint","urlTemplate":"https://pracownieorange.pl/huszlew/?s={search_term_string}"},"query-input":{"@type":"PropertyValueSpecification","valueRequired":true,"valueName":"search_term_string"}}],"inLanguage":"pl-PL"}]}</script>
<!-- / Yoast SEO plugin. -->

Wiosenny Totem Społeczności - Pracownia Orange Huszlew

Wiosna to jedna z najpiękniejszych pór roku. To czas kiedy [&hellip;]
