

{"id":359,"date":"2023-10-10T21:32:13","date_gmt":"2023-10-10T19:32:13","guid":{"rendered":"https:\/\/pracownieorange.pl\/chmielno\/?post_type=challange&#038;p=359"},"modified":"2023-10-10T21:32:13","modified_gmt":"2023-10-10T19:32:13","slug":"jesienne-warsztaty","status":"publish","type":"challange","link":"https:\/\/pracownieorange.pl\/chmielno\/challange\/jesienne-warsztaty\/","title":{"rendered":"Jesienne warsztaty"},"content":{"rendered":"<p>Jesienna magia w Pracowni Orange! \ud83c\udf42\ud83c\udf41<\/p>\n<p>Dla naszych ma\u0142ych artyst\u00f3w zorganizowali\u015bmy warsztaty tworzenia wyklejanek z kolorowych bibu\u0142kowych kulek. Dzieci odkrywa\u0142y tajniki tej sztuki, eksperymentuj\u0105c z kszta\u0142tami i kolorami. Ka\u017cdy z uczestnik\u00f3w otrzyma\u0142 inny wz\u00f3r do wyklejania aby nikt od siebie nie zgapia\u0142. \ud83d\ude02Ka\u017cde dziecko odkrywa\u0142o swoje talenty, tworz\u0105c niepowtarzalne dzie\u0142a sztuki. To by\u0142a okazja do wsp\u00f3lnego eksperymentowania z form\u0105, kszta\u0142tem i kolorami, a efekty by\u0142y osza\u0142amiaj\u0105ce! \ud83c\udf1f\u2728 Jesie\u0144 w Pracowni Orange to nie tylko li\u015bcie na drzewach, to te\u017c li\u015bcie w naszych sercach &#8211; pe\u0142ne rado\u015bci i kreatywno\u015bci. \ud83c\udf1f\ud83c\udfa8<\/p>\n","protected":false},"featured_media":360,"template":"","class_list":["post-359","challange","type-challange","status-publish","has-post-thumbnail","hentry"],"acf":[],"yoast_head":"<!-- This site is optimized with the Yoast SEO plugin v24.5 - https:\/\/yoast.com\/wordpress\/plugins\/seo\/ -->\n<title>Jesienne warsztaty - Pracownia Orange Chmielno<\/title>\n<meta name=\"robots\" content=\"index, follow, max-snippet:-1, max-image-preview:large, max-video-preview:-1\" \/>\n<link rel=\"canonical\" href=\"https:\/\/pracownieorange.pl\/chmielno\/challange\/jesienne-warsztaty\/\" \/>\n<meta property=\"og:locale\" content=\"pl_PL\" \/>\n<meta property=\"og:type\" content=\"article\" \/>\n<meta property=\"og:title\" content=\"Jesienne warsztaty - Pracownia Orange Chmielno\" \/>\n<meta property=\"og:description\" content=\"Jesienna magia w Pracowni Orange! \ud83c\udf42\ud83c\udf41 Dla naszych ma\u0142ych artyst\u00f3w [&hellip;]\" \/>\n<meta property=\"og:url\" content=\"https:\/\/pracownieorange.pl\/chmielno\/challange\/jesienne-warsztaty\/\" \/>\n<meta property=\"og:site_name\" content=\"Pracownia Orange Chmielno\" \/>\n<meta property=\"og:image\" content=\"https:\/\/pracownieorange.pl\/app\/uploads\/sites\/87\/2023\/10\/received_796046228961864.jpeg\" \/>\n\t<meta property=\"og:image:width\" content=\"2048\" \/>\n\t<meta property=\"og:image:height\" content=\"1153\" \/>\n\t<meta property=\"og:image:type\" content=\"image\/jpeg\" \/>\n<meta name=\"twitter:card\" content=\"summary_large_image\" \/>\n<meta name=\"twitter:label1\" content=\"Est. reading time\" \/>\n\t<meta name=\"twitter:data1\" content=\"1 minuta\" \/>\n<script type=\"application\/ld+json\" class=\"yoast-schema-graph\">{\"@context\":\"https:\/\/schema.org\",\"@graph\":[{\"@type\":\"WebPage\",\"@id\":\"https:\/\/pracownieorange.pl\/chmielno\/challange\/jesienne-warsztaty\/\",\"url\":\"https:\/\/pracownieorange.pl\/chmielno\/challange\/jesienne-warsztaty\/\",\"name\":\"Jesienne warsztaty - Pracownia Orange Chmielno\",\"isPartOf\":{\"@id\":\"https:\/\/pracownieorange.pl\/chmielno\/#website\"},\"primaryImageOfPage\":{\"@id\":\"https:\/\/pracownieorange.pl\/chmielno\/challange\/jesienne-warsztaty\/#primaryimage\"},\"image\":{\"@id\":\"https:\/\/pracownieorange.pl\/chmielno\/challange\/jesienne-warsztaty\/#primaryimage\"},\"thumbnailUrl\":\"https:\/\/pracownieorange.pl\/app\/uploads\/sites\/87\/2023\/10\/received_796046228961864.jpeg\",\"datePublished\":\"2023-10-10T19:32:13+00:00\",\"breadcrumb\":{\"@id\":\"https:\/\/pracownieorange.pl\/chmielno\/challange\/jesienne-warsztaty\/#breadcrumb\"},\"inLanguage\":\"pl-PL\",\"potentialAction\":[{\"@type\":\"ReadAction\",\"target\":[\"https:\/\/pracownieorange.pl\/chmielno\/challange\/jesienne-warsztaty\/\"]}]},{\"@type\":\"ImageObject\",\"inLanguage\":\"pl-PL\",\"@id\":\"https:\/\/pracownieorange.pl\/chmielno\/challange\/jesienne-warsztaty\/#primaryimage\",\"url\":\"https:\/\/pracownieorange.pl\/app\/uploads\/sites\/87\/2023\/10\/received_796046228961864.jpeg\",\"contentUrl\":\"https:\/\/pracownieorange.pl\/app\/uploads\/sites\/87\/2023\/10\/received_796046228961864.jpeg\",\"width\":2048,\"height\":1153,\"caption\":\"obrazek lisa na stole wyklejany kuleczkami z bibu\u0142y\"},{\"@type\":\"BreadcrumbList\",\"@id\":\"https:\/\/pracownieorange.pl\/chmielno\/challange\/jesienne-warsztaty\/#breadcrumb\",\"itemListElement\":[{\"@type\":\"ListItem\",\"position\":1,\"name\":\"Home\",\"item\":\"https:\/\/pracownieorange.pl\/chmielno\/\"},{\"@type\":\"ListItem\",\"position\":2,\"name\":\"Relacje\",\"item\":\"https:\/\/pracownieorange.pl\/chmielno\/challange\/\"},{\"@type\":\"ListItem\",\"position\":3,\"name\":\"Jesienne warsztaty\"}]},{\"@type\":\"WebSite\",\"@id\":\"https:\/\/pracownieorange.pl\/chmielno\/#website\",\"url\":\"https:\/\/pracownieorange.pl\/chmielno\/\",\"name\":\"Pracownia Orange Chmielno\",\"description\":\"Kolejna witryna sieci \u201ePracownie Orange\u201d\",\"potentialAction\":[{\"@type\":\"SearchAction\",\"target\":{\"@type\":\"EntryPoint\",\"urlTemplate\":\"https:\/\/pracownieorange.pl\/chmielno\/?s={search_term_string}\"},\"query-input\":{\"@type\":\"PropertyValueSpecification\",\"valueRequired\":true,\"valueName\":\"search_term_string\"}}],\"inLanguage\":\"pl-PL\"}]}<\/script>\n<!-- \/ Yoast SEO plugin. -->","yoast_head_json":{"title":"Jesienne warsztaty - Pracownia Orange Chmielno","robots":{"index":"index","follow":"follow","max-snippet":"max-snippet:-1","max-image-preview":"max-image-preview:large","max-video-preview":"max-video-preview:-1"},"canonical":"https:\/\/pracownieorange.pl\/chmielno\/challange\/jesienne-warsztaty\/","og_locale":"pl_PL","og_type":"article","og_title":"Jesienne warsztaty - Pracownia Orange Chmielno","og_description":"Jesienna magia w Pracowni Orange! \ud83c\udf42\ud83c\udf41 Dla naszych ma\u0142ych artyst\u00f3w [&hellip;]","og_url":"https:\/\/pracownieorange.pl\/chmielno\/challange\/jesienne-warsztaty\/","og_site_name":"Pracownia Orange Chmielno","og_image":[{"width":2048,"height":1153,"url":"https:\/\/pracownieorange.pl\/app\/uploads\/sites\/87\/2023\/10\/received_796046228961864.jpeg","type":"image\/jpeg"}],"twitter_card":"summary_large_image","twitter_misc":{"Est. reading time":"1 minuta"},"schema":{"@context":"https:\/\/schema.org","@graph":[{"@type":"WebPage","@id":"https:\/\/pracownieorange.pl\/chmielno\/challange\/jesienne-warsztaty\/","url":"https:\/\/pracownieorange.pl\/chmielno\/challange\/jesienne-warsztaty\/","name":"Jesienne warsztaty - Pracownia Orange Chmielno","isPartOf":{"@id":"https:\/\/pracownieorange.pl\/chmielno\/#website"},"primaryImageOfPage":{"@id":"https:\/\/pracownieorange.pl\/chmielno\/challange\/jesienne-warsztaty\/#primaryimage"},"image":{"@id":"https:\/\/pracownieorange.pl\/chmielno\/challange\/jesienne-warsztaty\/#primaryimage"},"thumbnailUrl":"https:\/\/pracownieorange.pl\/app\/uploads\/sites\/87\/2023\/10\/received_796046228961864.jpeg","datePublished":"2023-10-10T19:32:13+00:00","breadcrumb":{"@id":"https:\/\/pracownieorange.pl\/chmielno\/challange\/jesienne-warsztaty\/#breadcrumb"},"inLanguage":"pl-PL","potentialAction":[{"@type":"ReadAction","target":["https:\/\/pracownieorange.pl\/chmielno\/challange\/jesienne-warsztaty\/"]}]},{"@type":"ImageObject","inLanguage":"pl-PL","@id":"https:\/\/pracownieorange.pl\/chmielno\/challange\/jesienne-warsztaty\/#primaryimage","url":"https:\/\/pracownieorange.pl\/app\/uploads\/sites\/87\/2023\/10\/received_796046228961864.jpeg","contentUrl":"https:\/\/pracownieorange.pl\/app\/uploads\/sites\/87\/2023\/10\/received_796046228961864.jpeg","width":2048,"height":1153,"caption":"obrazek lisa na stole wyklejany kuleczkami z bibu\u0142y"},{"@type":"BreadcrumbList","@id":"https:\/\/pracownieorange.pl\/chmielno\/challange\/jesienne-warsztaty\/#breadcrumb","itemListElement":[{"@type":"ListItem","position":1,"name":"Home","item":"https:\/\/pracownieorange.pl\/chmielno\/"},{"@type":"ListItem","position":2,"name":"Relacje","item":"https:\/\/pracownieorange.pl\/chmielno\/challange\/"},{"@type":"ListItem","position":3,"name":"Jesienne warsztaty"}]},{"@type":"WebSite","@id":"https:\/\/pracownieorange.pl\/chmielno\/#website","url":"https:\/\/pracownieorange.pl\/chmielno\/","name":"Pracownia Orange Chmielno","description":"Kolejna witryna sieci \u201ePracownie Orange\u201d","potentialAction":[{"@type":"SearchAction","target":{"@type":"EntryPoint","urlTemplate":"https:\/\/pracownieorange.pl\/chmielno\/?s={search_term_string}"},"query-input":{"@type":"PropertyValueSpecification","valueRequired":true,"valueName":"search_term_string"}}],"inLanguage":"pl-PL"}]}},"_links":{"self":[{"href":"https:\/\/pracownieorange.pl\/chmielno\/wp-json\/wp\/v2\/challange\/359","targetHints":{"allow":["GET"]}}],"collection":[{"href":"https:\/\/pracownieorange.pl\/chmielno\/wp-json\/wp\/v2\/challange"}],"about":[{"href":"https:\/\/pracownieorange.pl\/chmielno\/wp-json\/wp\/v2\/types\/challange"}],"wp:featuredmedia":[{"embeddable":true,"href":"https:\/\/pracownieorange.pl\/chmielno\/wp-json\/wp\/v2\/media\/360"}],"wp:attachment":[{"href":"https:\/\/pracownieorange.pl\/chmielno\/wp-json\/wp\/v2\/media?parent=359"}],"curies":[{"name":"wp","href":"https:\/\/api.w.org\/{rel}","templated":true}]}}

<p>Jesienna magia w Pracowni Orange! 🍂🍁</p>
<p>Dla naszych małych artystów zorganizowaliśmy warsztaty tworzenia wyklejanek z kolorowych bibułkowych kulek. Dzieci odkrywały tajniki tej sztuki, eksperymentując z kształtami i kolorami. Każdy z uczestników otrzymał inny wzór do wyklejania aby nikt od siebie nie zgapiał. 😂Każde dziecko odkrywało swoje talenty, tworząc niepowtarzalne dzieła sztuki. To była okazja do wspólnego eksperymentowania z formą, kształtem i kolorami, a efekty były oszałamiające! 🌟✨ Jesień w Pracowni Orange to nie tylko liście na drzewach, to też liście w naszych sercach &#8211; pełne radości i kreatywności. 🌟🎨</p>

<!-- This site is optimized with the Yoast SEO plugin v24.5 - https://yoast.com/wordpress/plugins/seo/ -->
<title>Jesienne warsztaty - Pracownia Orange Chmielno</title>
<meta name="robots" content="index, follow, max-snippet:-1, max-image-preview:large, max-video-preview:-1" />
<link rel="canonical" href="https://pracownieorange.pl/chmielno/challange/jesienne-warsztaty/" />
<meta property="og:locale" content="pl_PL" />
<meta property="og:type" content="article" />
<meta property="og:title" content="Jesienne warsztaty - Pracownia Orange Chmielno" />
<meta property="og:description" content="Jesienna magia w Pracowni Orange! 🍂🍁 Dla naszych małych artystów [&hellip;]" />
<meta property="og:url" content="https://pracownieorange.pl/chmielno/challange/jesienne-warsztaty/" />
<meta property="og:site_name" content="Pracownia Orange Chmielno" />
<meta property="og:image" content="https://pracownieorange.pl/app/uploads/sites/87/2023/10/received_796046228961864.jpeg" />
	<meta property="og:image:width" content="2048" />
	<meta property="og:image:height" content="1153" />
	<meta property="og:image:type" content="image/jpeg" />
<meta name="twitter:card" content="summary_large_image" />
<meta name="twitter:label1" content="Est. reading time" />
	<meta name="twitter:data1" content="1 minuta" />
<script type="application/ld+json" class="yoast-schema-graph">{"@context":"https://schema.org","@graph":[{"@type":"WebPage","@id":"https://pracownieorange.pl/chmielno/challange/jesienne-warsztaty/","url":"https://pracownieorange.pl/chmielno/challange/jesienne-warsztaty/","name":"Jesienne warsztaty - Pracownia Orange Chmielno","isPartOf":{"@id":"https://pracownieorange.pl/chmielno/#website"},"primaryImageOfPage":{"@id":"https://pracownieorange.pl/chmielno/challange/jesienne-warsztaty/#primaryimage"},"image":{"@id":"https://pracownieorange.pl/chmielno/challange/jesienne-warsztaty/#primaryimage"},"thumbnailUrl":"https://pracownieorange.pl/app/uploads/sites/87/2023/10/received_796046228961864.jpeg","datePublished":"2023-10-10T19:32:13+00:00","breadcrumb":{"@id":"https://pracownieorange.pl/chmielno/challange/jesienne-warsztaty/#breadcrumb"},"inLanguage":"pl-PL","potentialAction":[{"@type":"ReadAction","target":["https://pracownieorange.pl/chmielno/challange/jesienne-warsztaty/"]}]},{"@type":"ImageObject","inLanguage":"pl-PL","@id":"https://pracownieorange.pl/chmielno/challange/jesienne-warsztaty/#primaryimage","url":"https://pracownieorange.pl/app/uploads/sites/87/2023/10/received_796046228961864.jpeg","contentUrl":"https://pracownieorange.pl/app/uploads/sites/87/2023/10/received_796046228961864.jpeg","width":2048,"height":1153,"caption":"obrazek lisa na stole wyklejany kuleczkami z bibuły"},{"@type":"BreadcrumbList","@id":"https://pracownieorange.pl/chmielno/challange/jesienne-warsztaty/#breadcrumb","itemListElement":[{"@type":"ListItem","position":1,"name":"Home","item":"https://pracownieorange.pl/chmielno/"},{"@type":"ListItem","position":2,"name":"Relacje","item":"https://pracownieorange.pl/chmielno/challange/"},{"@type":"ListItem","position":3,"name":"Jesienne warsztaty"}]},{"@type":"WebSite","@id":"https://pracownieorange.pl/chmielno/#website","url":"https://pracownieorange.pl/chmielno/","name":"Pracownia Orange Chmielno","description":"Kolejna witryna sieci „Pracownie Orange”","potentialAction":[{"@type":"SearchAction","target":{"@type":"EntryPoint","urlTemplate":"https://pracownieorange.pl/chmielno/?s={search_term_string}"},"query-input":{"@type":"PropertyValueSpecification","valueRequired":true,"valueName":"search_term_string"}}],"inLanguage":"pl-PL"}]}</script>
<!-- / Yoast SEO plugin. -->

Jesienna magia w Pracowni Orange! 🍂🍁 Dla naszych małych artystów [&hellip;]

obrazek lisa na stole wyklejany kuleczkami z bibuły
