

{"id":218,"date":"2023-11-30T23:35:06","date_gmt":"2023-11-30T22:35:06","guid":{"rendered":"https:\/\/pracownieorange.pl\/bulkowo\/?post_type=challange&#038;p=218"},"modified":"2023-12-18T08:43:07","modified_gmt":"2023-12-18T07:43:07","slug":"swiatowy-dzien-pluszowego-misia-w-bulkowie","status":"publish","type":"challange","link":"https:\/\/pracownieorange.pl\/bulkowo\/challange\/swiatowy-dzien-pluszowego-misia-w-bulkowie\/","title":{"rendered":"\u015awiatowy Dzie\u0144 Pluszowego Misia w Bulkowie"},"content":{"rendered":"<p>Z okazji tego \u015bwi\u0119ta nasz\u0105 Bibliotek\u0119 oraz Pracowni\u0119 Orange odwiedzi\u0142y przedszkolaki z Punktu Przedszkolnego ze SP w Blichowie wraz ze swoimi ukochanymi pluszakami. Z tej okazji udekorowano sal\u0119 misiami oraz przygotowano wystawk\u0119 ksi\u0105\u017cek z bohaterami tego \u015bwi\u0119ta. Uczestnicy naszego spotkania zaprezentowali swoje misie kolegom i kole\u017cankom. Przedszkolaki pozna\u0142y histori\u0119 obchodzonego \u015bwi\u0119ta, wys\u0142ucha\u0142y zabawn\u0105 bajk\u0119 Davida Mellinga pt. &#8222;Kto przytuli misia Tulisia&#8221;. Nast\u0119pnie wykona\u0142y swoj\u0105 kolorow\u0105 misiow\u0105 mask\u0119 z papierowych talerzyk\u00f3w. P\u00f3\u017aniej by\u0142y konkursy: \u201ePrzyczep misiowi kokardk\u0119\u201d, \u201eKolorowa wyspa\u201d, a tak\u017ce misiowe zabawy z chust\u0105 animacyjn\u0105 oraz gry na magicznym dywanie. Na zako\u0144czenie tego \u015bwi\u0119ta dzieci otrzyma\u0142y s\u0142odkie \u0142akocie.<\/p>\n","protected":false},"featured_media":0,"template":"","class_list":["post-218","challange","type-challange","status-publish","hentry"],"acf":[],"yoast_head":"<!-- This site is optimized with the Yoast SEO plugin v24.5 - https:\/\/yoast.com\/wordpress\/plugins\/seo\/ -->\n<title>\u015awiatowy Dzie\u0144 Pluszowego Misia w Bulkowie - Pracownia Orange Bulkowo<\/title>\n<meta name=\"robots\" content=\"index, follow, max-snippet:-1, max-image-preview:large, max-video-preview:-1\" \/>\n<link rel=\"canonical\" href=\"https:\/\/pracownieorange.pl\/bulkowo\/challange\/swiatowy-dzien-pluszowego-misia-w-bulkowie\/\" \/>\n<meta property=\"og:locale\" content=\"pl_PL\" \/>\n<meta property=\"og:type\" content=\"article\" \/>\n<meta property=\"og:title\" content=\"\u015awiatowy Dzie\u0144 Pluszowego Misia w Bulkowie - Pracownia Orange Bulkowo\" \/>\n<meta property=\"og:description\" content=\"Z okazji tego \u015bwi\u0119ta nasz\u0105 Bibliotek\u0119 oraz Pracowni\u0119 Orange odwiedzi\u0142y [&hellip;]\" \/>\n<meta property=\"og:url\" content=\"https:\/\/pracownieorange.pl\/bulkowo\/challange\/swiatowy-dzien-pluszowego-misia-w-bulkowie\/\" \/>\n<meta property=\"og:site_name\" content=\"Pracownia Orange Bulkowo\" \/>\n<meta property=\"article:modified_time\" content=\"2023-12-18T07:43:07+00:00\" \/>\n<meta name=\"twitter:card\" content=\"summary_large_image\" \/>\n<meta name=\"twitter:label1\" content=\"Est. reading time\" \/>\n\t<meta name=\"twitter:data1\" content=\"1 minuta\" \/>\n<script type=\"application\/ld+json\" class=\"yoast-schema-graph\">{\"@context\":\"https:\/\/schema.org\",\"@graph\":[{\"@type\":\"WebPage\",\"@id\":\"https:\/\/pracownieorange.pl\/bulkowo\/challange\/swiatowy-dzien-pluszowego-misia-w-bulkowie\/\",\"url\":\"https:\/\/pracownieorange.pl\/bulkowo\/challange\/swiatowy-dzien-pluszowego-misia-w-bulkowie\/\",\"name\":\"\u015awiatowy Dzie\u0144 Pluszowego Misia w Bulkowie - Pracownia Orange Bulkowo\",\"isPartOf\":{\"@id\":\"https:\/\/pracownieorange.pl\/bulkowo\/#website\"},\"datePublished\":\"2023-11-30T22:35:06+00:00\",\"dateModified\":\"2023-12-18T07:43:07+00:00\",\"breadcrumb\":{\"@id\":\"https:\/\/pracownieorange.pl\/bulkowo\/challange\/swiatowy-dzien-pluszowego-misia-w-bulkowie\/#breadcrumb\"},\"inLanguage\":\"pl-PL\",\"potentialAction\":[{\"@type\":\"ReadAction\",\"target\":[\"https:\/\/pracownieorange.pl\/bulkowo\/challange\/swiatowy-dzien-pluszowego-misia-w-bulkowie\/\"]}]},{\"@type\":\"BreadcrumbList\",\"@id\":\"https:\/\/pracownieorange.pl\/bulkowo\/challange\/swiatowy-dzien-pluszowego-misia-w-bulkowie\/#breadcrumb\",\"itemListElement\":[{\"@type\":\"ListItem\",\"position\":1,\"name\":\"Home\",\"item\":\"https:\/\/pracownieorange.pl\/bulkowo\/\"},{\"@type\":\"ListItem\",\"position\":2,\"name\":\"Relacje\",\"item\":\"https:\/\/pracownieorange.pl\/bulkowo\/challange\/\"},{\"@type\":\"ListItem\",\"position\":3,\"name\":\"\u015awiatowy Dzie\u0144 Pluszowego Misia w Bulkowie\"}]},{\"@type\":\"WebSite\",\"@id\":\"https:\/\/pracownieorange.pl\/bulkowo\/#website\",\"url\":\"https:\/\/pracownieorange.pl\/bulkowo\/\",\"name\":\"Pracownia Orange Bulkowo\",\"description\":\"\",\"potentialAction\":[{\"@type\":\"SearchAction\",\"target\":{\"@type\":\"EntryPoint\",\"urlTemplate\":\"https:\/\/pracownieorange.pl\/bulkowo\/?s={search_term_string}\"},\"query-input\":{\"@type\":\"PropertyValueSpecification\",\"valueRequired\":true,\"valueName\":\"search_term_string\"}}],\"inLanguage\":\"pl-PL\"}]}<\/script>\n<!-- \/ Yoast SEO plugin. -->","yoast_head_json":{"title":"\u015awiatowy Dzie\u0144 Pluszowego Misia w Bulkowie - Pracownia Orange Bulkowo","robots":{"index":"index","follow":"follow","max-snippet":"max-snippet:-1","max-image-preview":"max-image-preview:large","max-video-preview":"max-video-preview:-1"},"canonical":"https:\/\/pracownieorange.pl\/bulkowo\/challange\/swiatowy-dzien-pluszowego-misia-w-bulkowie\/","og_locale":"pl_PL","og_type":"article","og_title":"\u015awiatowy Dzie\u0144 Pluszowego Misia w Bulkowie - Pracownia Orange Bulkowo","og_description":"Z okazji tego \u015bwi\u0119ta nasz\u0105 Bibliotek\u0119 oraz Pracowni\u0119 Orange odwiedzi\u0142y [&hellip;]","og_url":"https:\/\/pracownieorange.pl\/bulkowo\/challange\/swiatowy-dzien-pluszowego-misia-w-bulkowie\/","og_site_name":"Pracownia Orange Bulkowo","article_modified_time":"2023-12-18T07:43:07+00:00","twitter_card":"summary_large_image","twitter_misc":{"Est. reading time":"1 minuta"},"schema":{"@context":"https:\/\/schema.org","@graph":[{"@type":"WebPage","@id":"https:\/\/pracownieorange.pl\/bulkowo\/challange\/swiatowy-dzien-pluszowego-misia-w-bulkowie\/","url":"https:\/\/pracownieorange.pl\/bulkowo\/challange\/swiatowy-dzien-pluszowego-misia-w-bulkowie\/","name":"\u015awiatowy Dzie\u0144 Pluszowego Misia w Bulkowie - Pracownia Orange Bulkowo","isPartOf":{"@id":"https:\/\/pracownieorange.pl\/bulkowo\/#website"},"datePublished":"2023-11-30T22:35:06+00:00","dateModified":"2023-12-18T07:43:07+00:00","breadcrumb":{"@id":"https:\/\/pracownieorange.pl\/bulkowo\/challange\/swiatowy-dzien-pluszowego-misia-w-bulkowie\/#breadcrumb"},"inLanguage":"pl-PL","potentialAction":[{"@type":"ReadAction","target":["https:\/\/pracownieorange.pl\/bulkowo\/challange\/swiatowy-dzien-pluszowego-misia-w-bulkowie\/"]}]},{"@type":"BreadcrumbList","@id":"https:\/\/pracownieorange.pl\/bulkowo\/challange\/swiatowy-dzien-pluszowego-misia-w-bulkowie\/#breadcrumb","itemListElement":[{"@type":"ListItem","position":1,"name":"Home","item":"https:\/\/pracownieorange.pl\/bulkowo\/"},{"@type":"ListItem","position":2,"name":"Relacje","item":"https:\/\/pracownieorange.pl\/bulkowo\/challange\/"},{"@type":"ListItem","position":3,"name":"\u015awiatowy Dzie\u0144 Pluszowego Misia w Bulkowie"}]},{"@type":"WebSite","@id":"https:\/\/pracownieorange.pl\/bulkowo\/#website","url":"https:\/\/pracownieorange.pl\/bulkowo\/","name":"Pracownia Orange Bulkowo","description":"","potentialAction":[{"@type":"SearchAction","target":{"@type":"EntryPoint","urlTemplate":"https:\/\/pracownieorange.pl\/bulkowo\/?s={search_term_string}"},"query-input":{"@type":"PropertyValueSpecification","valueRequired":true,"valueName":"search_term_string"}}],"inLanguage":"pl-PL"}]}},"_links":{"self":[{"href":"https:\/\/pracownieorange.pl\/bulkowo\/wp-json\/wp\/v2\/challange\/218","targetHints":{"allow":["GET"]}}],"collection":[{"href":"https:\/\/pracownieorange.pl\/bulkowo\/wp-json\/wp\/v2\/challange"}],"about":[{"href":"https:\/\/pracownieorange.pl\/bulkowo\/wp-json\/wp\/v2\/types\/challange"}],"wp:attachment":[{"href":"https:\/\/pracownieorange.pl\/bulkowo\/wp-json\/wp\/v2\/media?parent=218"}],"curies":[{"name":"wp","href":"https:\/\/api.w.org\/{rel}","templated":true}]}}

Światowy Dzień Pluszowego Misia w Bulkowie

<p>Z okazji tego święta naszą Bibliotekę oraz Pracownię Orange odwiedziły przedszkolaki z Punktu Przedszkolnego ze SP w Blichowie wraz ze swoimi ukochanymi pluszakami. Z tej okazji udekorowano salę misiami oraz przygotowano wystawkę książek z bohaterami tego święta. Uczestnicy naszego spotkania zaprezentowali swoje misie kolegom i koleżankom. Przedszkolaki poznały historię obchodzonego święta, wysłuchały zabawną bajkę Davida Mellinga pt. &#8222;Kto przytuli misia Tulisia&#8221;. Następnie wykonały swoją kolorową misiową maskę z papierowych talerzyków. Później były konkursy: „Przyczep misiowi kokardkę”, „Kolorowa wyspa”, a także misiowe zabawy z chustą animacyjną oraz gry na magicznym dywanie. Na zakończenie tego święta dzieci otrzymały słodkie łakocie.</p>

<!-- This site is optimized with the Yoast SEO plugin v24.5 - https://yoast.com/wordpress/plugins/seo/ -->
<title>Światowy Dzień Pluszowego Misia w Bulkowie - Pracownia Orange Bulkowo</title>
<meta name="robots" content="index, follow, max-snippet:-1, max-image-preview:large, max-video-preview:-1" />
<link rel="canonical" href="https://pracownieorange.pl/bulkowo/challange/swiatowy-dzien-pluszowego-misia-w-bulkowie/" />
<meta property="og:locale" content="pl_PL" />
<meta property="og:type" content="article" />
<meta property="og:title" content="Światowy Dzień Pluszowego Misia w Bulkowie - Pracownia Orange Bulkowo" />
<meta property="og:description" content="Z okazji tego święta naszą Bibliotekę oraz Pracownię Orange odwiedziły [&hellip;]" />
<meta property="og:url" content="https://pracownieorange.pl/bulkowo/challange/swiatowy-dzien-pluszowego-misia-w-bulkowie/" />
<meta property="og:site_name" content="Pracownia Orange Bulkowo" />
<meta property="article:modified_time" content="2023-12-18T07:43:07+00:00" />
<meta name="twitter:card" content="summary_large_image" />
<meta name="twitter:label1" content="Est. reading time" />
	<meta name="twitter:data1" content="1 minuta" />
<script type="application/ld+json" class="yoast-schema-graph">{"@context":"https://schema.org","@graph":[{"@type":"WebPage","@id":"https://pracownieorange.pl/bulkowo/challange/swiatowy-dzien-pluszowego-misia-w-bulkowie/","url":"https://pracownieorange.pl/bulkowo/challange/swiatowy-dzien-pluszowego-misia-w-bulkowie/","name":"Światowy Dzień Pluszowego Misia w Bulkowie - Pracownia Orange Bulkowo","isPartOf":{"@id":"https://pracownieorange.pl/bulkowo/#website"},"datePublished":"2023-11-30T22:35:06+00:00","dateModified":"2023-12-18T07:43:07+00:00","breadcrumb":{"@id":"https://pracownieorange.pl/bulkowo/challange/swiatowy-dzien-pluszowego-misia-w-bulkowie/#breadcrumb"},"inLanguage":"pl-PL","potentialAction":[{"@type":"ReadAction","target":["https://pracownieorange.pl/bulkowo/challange/swiatowy-dzien-pluszowego-misia-w-bulkowie/"]}]},{"@type":"BreadcrumbList","@id":"https://pracownieorange.pl/bulkowo/challange/swiatowy-dzien-pluszowego-misia-w-bulkowie/#breadcrumb","itemListElement":[{"@type":"ListItem","position":1,"name":"Home","item":"https://pracownieorange.pl/bulkowo/"},{"@type":"ListItem","position":2,"name":"Relacje","item":"https://pracownieorange.pl/bulkowo/challange/"},{"@type":"ListItem","position":3,"name":"Światowy Dzień Pluszowego Misia w Bulkowie"}]},{"@type":"WebSite","@id":"https://pracownieorange.pl/bulkowo/#website","url":"https://pracownieorange.pl/bulkowo/","name":"Pracownia Orange Bulkowo","description":"","potentialAction":[{"@type":"SearchAction","target":{"@type":"EntryPoint","urlTemplate":"https://pracownieorange.pl/bulkowo/?s={search_term_string}"},"query-input":{"@type":"PropertyValueSpecification","valueRequired":true,"valueName":"search_term_string"}}],"inLanguage":"pl-PL"}]}</script>
<!-- / Yoast SEO plugin. -->

Światowy Dzień Pluszowego Misia w Bulkowie - Pracownia Orange Bulkowo

Z okazji tego święta naszą Bibliotekę oraz Pracownię Orange odwiedziły [&hellip;]
