

{"id":26,"date":"2023-08-31T19:13:47","date_gmt":"2023-08-31T17:13:47","guid":{"rendered":"https:\/\/pracownieorange.pl\/brodnica-2\/?post_type=challange&#038;p=26"},"modified":"2023-08-31T19:13:47","modified_gmt":"2023-08-31T17:13:47","slug":"pracownia-orange-w-brodnicy-k-sremu-dla-ludzi-i-z-ludzmi-bo-nasza-pasja-jest-nasza-sila","status":"publish","type":"challange","link":"https:\/\/pracownieorange.pl\/brodnica-2\/challange\/pracownia-orange-w-brodnicy-k-sremu-dla-ludzi-i-z-ludzmi-bo-nasza-pasja-jest-nasza-sila\/","title":{"rendered":"Pracownia Orange w Brodnicy k. \u015aremu &#8211; dla ludzi i z lud\u017ami, bo nasza pasja jest nasz\u0105 si\u0142\u0105!"},"content":{"rendered":"<p>Z uwagi na zmian\u0119 pierwotnej lokalizacji Pracowni, remont i prace monta\u017cowe przesun\u0119\u0142y si\u0119 czasie. Najwa\u017cniejsze jednak jest to, \u017ce mamy nowe miejsce i z dobr\u0105 energi\u0105 dzia\u0142amy!<\/p>\n<p>Ka\u017cda zmiana wywo\u0142uje lekkie poruszenie, niepok\u00f3j, ale te\u017c jak to by\u0142o w naszym przypadku, zmiana wywo\u0142a\u0142a mn\u00f3stwo motywacji i si\u0142y, bo &#8230; trzeba spogl\u0105da\u0107 pozytywnie w przysz\u0142o\u015b\u0107 \ud83d\ude42 \ud83d\ude42 Prace przygotowawcze w \u015bwietlicy wiejskiej, w kt\u00f3rej powstanie Pracownia Orange, zacz\u0119li\u015bmy na prze\u0142omie lipca i sierpnia (m.in. porz\u0105dki, przeniesienie mebli, ksi\u0105\u017cek, wst\u0119pne planowanie u\u0142o\u017cenia sprz\u0119tu i mebli w sali itd.).\u00a0 W okresie wakacyjnym zacz\u0119li\u015bmy szykowa\u0107 wst\u0119pny program zaj\u0119\u0107 i informacyjne grafiki do medi\u00f3w spo\u0142eczno\u015bciowych; rozmawiali\u015bmy te\u017c z mieszkankami_mieszka\u0144cami o idei Pracowni.\u00a0 W pierwszej po\u0142owie sierpnia regularnie przyje\u017cd\u017cali do nas kurierzy z meblami. Mi\u0119dzy 22 a 24 sierpnia montowali\u015bmy m.in. biurka, kontenerki, rega\u0142y, st\u00f3\u0142, krzes\u0142a.\u00a0 Aktualnie w ruch posz\u0142y p\u0119dzle i farby. Pomalujemy sufit, \u015bciany i wymienimy lampy. Niebawem dojedzie sprz\u0119t multimedialny. A potem kolejne przyjemno\u015bci, czyli finalna aran\u017cacja sali.<\/p>\n<p>Nasza Pracownia znajduje si\u0119 w centrum wsi, w s\u0105siedztwie park, ogr\u00f3d so\u0142ecki, plac zabaw i remiza OSP Brodnica. Budynek, w kt\u00f3rym mie\u015bci si\u0119 Pracownia jest dost\u0119pny dla os\u00f3b z niepe\u0142nosprawno\u015bciami.<\/p>\n<p>Nie mo\u017cemy si\u0119 ju\u017c doczeka\u0107, kiedy otworzymy Pracowni\u0119 dla mieszkanek_mieszka\u0144c\u00f3w gminy Brodnica.<\/p>\n<p>Nasza pasj\u0105 jest nasz\u0105 si\u0142\u0105 (B. J.Armstrong).<\/p>\n","protected":false},"featured_media":24,"template":"","class_list":["post-26","challange","type-challange","status-publish","has-post-thumbnail","hentry"],"acf":[],"yoast_head":"<!-- This site is optimized with the Yoast SEO plugin v24.5 - https:\/\/yoast.com\/wordpress\/plugins\/seo\/ -->\n<title>Pracownia Orange w Brodnicy k. \u015aremu - dla ludzi i z lud\u017ami, bo nasza pasja jest nasz\u0105 si\u0142\u0105! - Pracownia Orange Brodnica k. \u015aremu<\/title>\n<meta name=\"robots\" content=\"index, follow, max-snippet:-1, max-image-preview:large, max-video-preview:-1\" \/>\n<link rel=\"canonical\" href=\"https:\/\/pracownieorange.pl\/brodnica-2\/challange\/pracownia-orange-w-brodnicy-k-sremu-dla-ludzi-i-z-ludzmi-bo-nasza-pasja-jest-nasza-sila\/\" \/>\n<meta property=\"og:locale\" content=\"pl_PL\" \/>\n<meta property=\"og:type\" content=\"article\" \/>\n<meta property=\"og:title\" content=\"Pracownia Orange w Brodnicy k. \u015aremu - dla ludzi i z lud\u017ami, bo nasza pasja jest nasz\u0105 si\u0142\u0105! - Pracownia Orange Brodnica k. \u015aremu\" \/>\n<meta property=\"og:description\" content=\"Z uwagi na zmian\u0119 pierwotnej lokalizacji Pracowni, remont i prace [&hellip;]\" \/>\n<meta property=\"og:url\" content=\"https:\/\/pracownieorange.pl\/brodnica-2\/challange\/pracownia-orange-w-brodnicy-k-sremu-dla-ludzi-i-z-ludzmi-bo-nasza-pasja-jest-nasza-sila\/\" \/>\n<meta property=\"og:site_name\" content=\"Pracownia Orange Brodnica k. \u015aremu\" \/>\n<meta property=\"og:image\" content=\"https:\/\/pracownieorange.pl\/app\/uploads\/sites\/115\/2023\/08\/swietlica.jpg\" \/>\n\t<meta property=\"og:image:width\" content=\"2040\" \/>\n\t<meta property=\"og:image:height\" content=\"1148\" \/>\n\t<meta property=\"og:image:type\" content=\"image\/jpeg\" \/>\n<meta name=\"twitter:card\" content=\"summary_large_image\" \/>\n<meta name=\"twitter:label1\" content=\"Est. reading time\" \/>\n\t<meta name=\"twitter:data1\" content=\"1 minuta\" \/>\n<script type=\"application\/ld+json\" class=\"yoast-schema-graph\">{\"@context\":\"https:\/\/schema.org\",\"@graph\":[{\"@type\":\"WebPage\",\"@id\":\"https:\/\/pracownieorange.pl\/brodnica-2\/challange\/pracownia-orange-w-brodnicy-k-sremu-dla-ludzi-i-z-ludzmi-bo-nasza-pasja-jest-nasza-sila\/\",\"url\":\"https:\/\/pracownieorange.pl\/brodnica-2\/challange\/pracownia-orange-w-brodnicy-k-sremu-dla-ludzi-i-z-ludzmi-bo-nasza-pasja-jest-nasza-sila\/\",\"name\":\"Pracownia Orange w Brodnicy k. \u015aremu - dla ludzi i z lud\u017ami, bo nasza pasja jest nasz\u0105 si\u0142\u0105! - Pracownia Orange Brodnica k. \u015aremu\",\"isPartOf\":{\"@id\":\"https:\/\/pracownieorange.pl\/brodnica-2\/#website\"},\"primaryImageOfPage\":{\"@id\":\"https:\/\/pracownieorange.pl\/brodnica-2\/challange\/pracownia-orange-w-brodnicy-k-sremu-dla-ludzi-i-z-ludzmi-bo-nasza-pasja-jest-nasza-sila\/#primaryimage\"},\"image\":{\"@id\":\"https:\/\/pracownieorange.pl\/brodnica-2\/challange\/pracownia-orange-w-brodnicy-k-sremu-dla-ludzi-i-z-ludzmi-bo-nasza-pasja-jest-nasza-sila\/#primaryimage\"},\"thumbnailUrl\":\"https:\/\/pracownieorange.pl\/app\/uploads\/sites\/115\/2023\/08\/swietlica.jpg\",\"datePublished\":\"2023-08-31T17:13:47+00:00\",\"breadcrumb\":{\"@id\":\"https:\/\/pracownieorange.pl\/brodnica-2\/challange\/pracownia-orange-w-brodnicy-k-sremu-dla-ludzi-i-z-ludzmi-bo-nasza-pasja-jest-nasza-sila\/#breadcrumb\"},\"inLanguage\":\"pl-PL\",\"potentialAction\":[{\"@type\":\"ReadAction\",\"target\":[\"https:\/\/pracownieorange.pl\/brodnica-2\/challange\/pracownia-orange-w-brodnicy-k-sremu-dla-ludzi-i-z-ludzmi-bo-nasza-pasja-jest-nasza-sila\/\"]}]},{\"@type\":\"ImageObject\",\"inLanguage\":\"pl-PL\",\"@id\":\"https:\/\/pracownieorange.pl\/brodnica-2\/challange\/pracownia-orange-w-brodnicy-k-sremu-dla-ludzi-i-z-ludzmi-bo-nasza-pasja-jest-nasza-sila\/#primaryimage\",\"url\":\"https:\/\/pracownieorange.pl\/app\/uploads\/sites\/115\/2023\/08\/swietlica.jpg\",\"contentUrl\":\"https:\/\/pracownieorange.pl\/app\/uploads\/sites\/115\/2023\/08\/swietlica.jpg\",\"width\":2040,\"height\":1148,\"caption\":\"Pracownia Orange w Brodnicy k. \u015aremu - budynek.\"},{\"@type\":\"BreadcrumbList\",\"@id\":\"https:\/\/pracownieorange.pl\/brodnica-2\/challange\/pracownia-orange-w-brodnicy-k-sremu-dla-ludzi-i-z-ludzmi-bo-nasza-pasja-jest-nasza-sila\/#breadcrumb\",\"itemListElement\":[{\"@type\":\"ListItem\",\"position\":1,\"name\":\"Home\",\"item\":\"https:\/\/pracownieorange.pl\/brodnica-2\/\"},{\"@type\":\"ListItem\",\"position\":2,\"name\":\"Relacje\",\"item\":\"https:\/\/pracownieorange.pl\/brodnica-2\/challange\/\"},{\"@type\":\"ListItem\",\"position\":3,\"name\":\"Pracownia Orange w Brodnicy k. \u015aremu &#8211; dla ludzi i z lud\u017ami, bo nasza pasja jest nasz\u0105 si\u0142\u0105!\"}]},{\"@type\":\"WebSite\",\"@id\":\"https:\/\/pracownieorange.pl\/brodnica-2\/#website\",\"url\":\"https:\/\/pracownieorange.pl\/brodnica-2\/\",\"name\":\"Pracownia Orange Brodnica k. \u015aremu\",\"description\":\"\",\"potentialAction\":[{\"@type\":\"SearchAction\",\"target\":{\"@type\":\"EntryPoint\",\"urlTemplate\":\"https:\/\/pracownieorange.pl\/brodnica-2\/?s={search_term_string}\"},\"query-input\":{\"@type\":\"PropertyValueSpecification\",\"valueRequired\":true,\"valueName\":\"search_term_string\"}}],\"inLanguage\":\"pl-PL\"}]}<\/script>\n<!-- \/ Yoast SEO plugin. -->","yoast_head_json":{"title":"Pracownia Orange w Brodnicy k. \u015aremu - dla ludzi i z lud\u017ami, bo nasza pasja jest nasz\u0105 si\u0142\u0105! - Pracownia Orange Brodnica k. \u015aremu","robots":{"index":"index","follow":"follow","max-snippet":"max-snippet:-1","max-image-preview":"max-image-preview:large","max-video-preview":"max-video-preview:-1"},"canonical":"https:\/\/pracownieorange.pl\/brodnica-2\/challange\/pracownia-orange-w-brodnicy-k-sremu-dla-ludzi-i-z-ludzmi-bo-nasza-pasja-jest-nasza-sila\/","og_locale":"pl_PL","og_type":"article","og_title":"Pracownia Orange w Brodnicy k. \u015aremu - dla ludzi i z lud\u017ami, bo nasza pasja jest nasz\u0105 si\u0142\u0105! - Pracownia Orange Brodnica k. \u015aremu","og_description":"Z uwagi na zmian\u0119 pierwotnej lokalizacji Pracowni, remont i prace [&hellip;]","og_url":"https:\/\/pracownieorange.pl\/brodnica-2\/challange\/pracownia-orange-w-brodnicy-k-sremu-dla-ludzi-i-z-ludzmi-bo-nasza-pasja-jest-nasza-sila\/","og_site_name":"Pracownia Orange Brodnica k. \u015aremu","og_image":[{"width":2040,"height":1148,"url":"https:\/\/pracownieorange.pl\/app\/uploads\/sites\/115\/2023\/08\/swietlica.jpg","type":"image\/jpeg"}],"twitter_card":"summary_large_image","twitter_misc":{"Est. reading time":"1 minuta"},"schema":{"@context":"https:\/\/schema.org","@graph":[{"@type":"WebPage","@id":"https:\/\/pracownieorange.pl\/brodnica-2\/challange\/pracownia-orange-w-brodnicy-k-sremu-dla-ludzi-i-z-ludzmi-bo-nasza-pasja-jest-nasza-sila\/","url":"https:\/\/pracownieorange.pl\/brodnica-2\/challange\/pracownia-orange-w-brodnicy-k-sremu-dla-ludzi-i-z-ludzmi-bo-nasza-pasja-jest-nasza-sila\/","name":"Pracownia Orange w Brodnicy k. \u015aremu - dla ludzi i z lud\u017ami, bo nasza pasja jest nasz\u0105 si\u0142\u0105! - Pracownia Orange Brodnica k. \u015aremu","isPartOf":{"@id":"https:\/\/pracownieorange.pl\/brodnica-2\/#website"},"primaryImageOfPage":{"@id":"https:\/\/pracownieorange.pl\/brodnica-2\/challange\/pracownia-orange-w-brodnicy-k-sremu-dla-ludzi-i-z-ludzmi-bo-nasza-pasja-jest-nasza-sila\/#primaryimage"},"image":{"@id":"https:\/\/pracownieorange.pl\/brodnica-2\/challange\/pracownia-orange-w-brodnicy-k-sremu-dla-ludzi-i-z-ludzmi-bo-nasza-pasja-jest-nasza-sila\/#primaryimage"},"thumbnailUrl":"https:\/\/pracownieorange.pl\/app\/uploads\/sites\/115\/2023\/08\/swietlica.jpg","datePublished":"2023-08-31T17:13:47+00:00","breadcrumb":{"@id":"https:\/\/pracownieorange.pl\/brodnica-2\/challange\/pracownia-orange-w-brodnicy-k-sremu-dla-ludzi-i-z-ludzmi-bo-nasza-pasja-jest-nasza-sila\/#breadcrumb"},"inLanguage":"pl-PL","potentialAction":[{"@type":"ReadAction","target":["https:\/\/pracownieorange.pl\/brodnica-2\/challange\/pracownia-orange-w-brodnicy-k-sremu-dla-ludzi-i-z-ludzmi-bo-nasza-pasja-jest-nasza-sila\/"]}]},{"@type":"ImageObject","inLanguage":"pl-PL","@id":"https:\/\/pracownieorange.pl\/brodnica-2\/challange\/pracownia-orange-w-brodnicy-k-sremu-dla-ludzi-i-z-ludzmi-bo-nasza-pasja-jest-nasza-sila\/#primaryimage","url":"https:\/\/pracownieorange.pl\/app\/uploads\/sites\/115\/2023\/08\/swietlica.jpg","contentUrl":"https:\/\/pracownieorange.pl\/app\/uploads\/sites\/115\/2023\/08\/swietlica.jpg","width":2040,"height":1148,"caption":"Pracownia Orange w Brodnicy k. \u015aremu - budynek."},{"@type":"BreadcrumbList","@id":"https:\/\/pracownieorange.pl\/brodnica-2\/challange\/pracownia-orange-w-brodnicy-k-sremu-dla-ludzi-i-z-ludzmi-bo-nasza-pasja-jest-nasza-sila\/#breadcrumb","itemListElement":[{"@type":"ListItem","position":1,"name":"Home","item":"https:\/\/pracownieorange.pl\/brodnica-2\/"},{"@type":"ListItem","position":2,"name":"Relacje","item":"https:\/\/pracownieorange.pl\/brodnica-2\/challange\/"},{"@type":"ListItem","position":3,"name":"Pracownia Orange w Brodnicy k. \u015aremu &#8211; dla ludzi i z lud\u017ami, bo nasza pasja jest nasz\u0105 si\u0142\u0105!"}]},{"@type":"WebSite","@id":"https:\/\/pracownieorange.pl\/brodnica-2\/#website","url":"https:\/\/pracownieorange.pl\/brodnica-2\/","name":"Pracownia Orange Brodnica k. \u015aremu","description":"","potentialAction":[{"@type":"SearchAction","target":{"@type":"EntryPoint","urlTemplate":"https:\/\/pracownieorange.pl\/brodnica-2\/?s={search_term_string}"},"query-input":{"@type":"PropertyValueSpecification","valueRequired":true,"valueName":"search_term_string"}}],"inLanguage":"pl-PL"}]}},"_links":{"self":[{"href":"https:\/\/pracownieorange.pl\/brodnica-2\/wp-json\/wp\/v2\/challange\/26","targetHints":{"allow":["GET"]}}],"collection":[{"href":"https:\/\/pracownieorange.pl\/brodnica-2\/wp-json\/wp\/v2\/challange"}],"about":[{"href":"https:\/\/pracownieorange.pl\/brodnica-2\/wp-json\/wp\/v2\/types\/challange"}],"wp:featuredmedia":[{"embeddable":true,"href":"https:\/\/pracownieorange.pl\/brodnica-2\/wp-json\/wp\/v2\/media\/24"}],"wp:attachment":[{"href":"https:\/\/pracownieorange.pl\/brodnica-2\/wp-json\/wp\/v2\/media?parent=26"}],"curies":[{"name":"wp","href":"https:\/\/api.w.org\/{rel}","templated":true}]}}

Pracownia Orange w Brodnicy k. Śremu &#8211; dla ludzi i z ludźmi, bo nasza pasja jest naszą siłą!

<p>Z uwagi na zmianę pierwotnej lokalizacji Pracowni, remont i prace montażowe przesunęły się czasie. Najważniejsze jednak jest to, że mamy nowe miejsce i z dobrą energią działamy!</p>
<p>Każda zmiana wywołuje lekkie poruszenie, niepokój, ale też jak to było w naszym przypadku, zmiana wywołała mnóstwo motywacji i siły, bo &#8230; trzeba spoglądać pozytywnie w przyszłość 🙂 🙂 Prace przygotowawcze w świetlicy wiejskiej, w której powstanie Pracownia Orange, zaczęliśmy na przełomie lipca i sierpnia (m.in. porządki, przeniesienie mebli, książek, wstępne planowanie ułożenia sprzętu i mebli w sali itd.).  W okresie wakacyjnym zaczęliśmy szykować wstępny program zajęć i informacyjne grafiki do mediów społecznościowych; rozmawialiśmy też z mieszkankami_mieszkańcami o idei Pracowni.  W pierwszej połowie sierpnia regularnie przyjeżdżali do nas kurierzy z meblami. Między 22 a 24 sierpnia montowaliśmy m.in. biurka, kontenerki, regały, stół, krzesła.  Aktualnie w ruch poszły pędzle i farby. Pomalujemy sufit, ściany i wymienimy lampy. Niebawem dojedzie sprzęt multimedialny. A potem kolejne przyjemności, czyli finalna aranżacja sali.</p>
<p>Nasza Pracownia znajduje się w centrum wsi, w sąsiedztwie park, ogród sołecki, plac zabaw i remiza OSP Brodnica. Budynek, w którym mieści się Pracownia jest dostępny dla osób z niepełnosprawnościami.</p>
<p>Nie możemy się już doczekać, kiedy otworzymy Pracownię dla mieszkanek_mieszkańców gminy Brodnica.</p>
<p>Nasza pasją jest naszą siłą (B. J.Armstrong).</p>

<!-- This site is optimized with the Yoast SEO plugin v24.5 - https://yoast.com/wordpress/plugins/seo/ -->
<title>Pracownia Orange w Brodnicy k. Śremu - dla ludzi i z ludźmi, bo nasza pasja jest naszą siłą! - Pracownia Orange Brodnica k. Śremu</title>
<meta name="robots" content="index, follow, max-snippet:-1, max-image-preview:large, max-video-preview:-1" />
<link rel="canonical" href="https://pracownieorange.pl/brodnica-2/challange/pracownia-orange-w-brodnicy-k-sremu-dla-ludzi-i-z-ludzmi-bo-nasza-pasja-jest-nasza-sila/" />
<meta property="og:locale" content="pl_PL" />
<meta property="og:type" content="article" />
<meta property="og:title" content="Pracownia Orange w Brodnicy k. Śremu - dla ludzi i z ludźmi, bo nasza pasja jest naszą siłą! - Pracownia Orange Brodnica k. Śremu" />
<meta property="og:description" content="Z uwagi na zmianę pierwotnej lokalizacji Pracowni, remont i prace [&hellip;]" />
<meta property="og:url" content="https://pracownieorange.pl/brodnica-2/challange/pracownia-orange-w-brodnicy-k-sremu-dla-ludzi-i-z-ludzmi-bo-nasza-pasja-jest-nasza-sila/" />
<meta property="og:site_name" content="Pracownia Orange Brodnica k. Śremu" />
<meta property="og:image" content="https://pracownieorange.pl/app/uploads/sites/115/2023/08/swietlica.jpg" />
	<meta property="og:image:width" content="2040" />
	<meta property="og:image:height" content="1148" />
	<meta property="og:image:type" content="image/jpeg" />
<meta name="twitter:card" content="summary_large_image" />
<meta name="twitter:label1" content="Est. reading time" />
	<meta name="twitter:data1" content="1 minuta" />
<script type="application/ld+json" class="yoast-schema-graph">{"@context":"https://schema.org","@graph":[{"@type":"WebPage","@id":"https://pracownieorange.pl/brodnica-2/challange/pracownia-orange-w-brodnicy-k-sremu-dla-ludzi-i-z-ludzmi-bo-nasza-pasja-jest-nasza-sila/","url":"https://pracownieorange.pl/brodnica-2/challange/pracownia-orange-w-brodnicy-k-sremu-dla-ludzi-i-z-ludzmi-bo-nasza-pasja-jest-nasza-sila/","name":"Pracownia Orange w Brodnicy k. Śremu - dla ludzi i z ludźmi, bo nasza pasja jest naszą siłą! - Pracownia Orange Brodnica k. Śremu","isPartOf":{"@id":"https://pracownieorange.pl/brodnica-2/#website"},"primaryImageOfPage":{"@id":"https://pracownieorange.pl/brodnica-2/challange/pracownia-orange-w-brodnicy-k-sremu-dla-ludzi-i-z-ludzmi-bo-nasza-pasja-jest-nasza-sila/#primaryimage"},"image":{"@id":"https://pracownieorange.pl/brodnica-2/challange/pracownia-orange-w-brodnicy-k-sremu-dla-ludzi-i-z-ludzmi-bo-nasza-pasja-jest-nasza-sila/#primaryimage"},"thumbnailUrl":"https://pracownieorange.pl/app/uploads/sites/115/2023/08/swietlica.jpg","datePublished":"2023-08-31T17:13:47+00:00","breadcrumb":{"@id":"https://pracownieorange.pl/brodnica-2/challange/pracownia-orange-w-brodnicy-k-sremu-dla-ludzi-i-z-ludzmi-bo-nasza-pasja-jest-nasza-sila/#breadcrumb"},"inLanguage":"pl-PL","potentialAction":[{"@type":"ReadAction","target":["https://pracownieorange.pl/brodnica-2/challange/pracownia-orange-w-brodnicy-k-sremu-dla-ludzi-i-z-ludzmi-bo-nasza-pasja-jest-nasza-sila/"]}]},{"@type":"ImageObject","inLanguage":"pl-PL","@id":"https://pracownieorange.pl/brodnica-2/challange/pracownia-orange-w-brodnicy-k-sremu-dla-ludzi-i-z-ludzmi-bo-nasza-pasja-jest-nasza-sila/#primaryimage","url":"https://pracownieorange.pl/app/uploads/sites/115/2023/08/swietlica.jpg","contentUrl":"https://pracownieorange.pl/app/uploads/sites/115/2023/08/swietlica.jpg","width":2040,"height":1148,"caption":"Pracownia Orange w Brodnicy k. Śremu - budynek."},{"@type":"BreadcrumbList","@id":"https://pracownieorange.pl/brodnica-2/challange/pracownia-orange-w-brodnicy-k-sremu-dla-ludzi-i-z-ludzmi-bo-nasza-pasja-jest-nasza-sila/#breadcrumb","itemListElement":[{"@type":"ListItem","position":1,"name":"Home","item":"https://pracownieorange.pl/brodnica-2/"},{"@type":"ListItem","position":2,"name":"Relacje","item":"https://pracownieorange.pl/brodnica-2/challange/"},{"@type":"ListItem","position":3,"name":"Pracownia Orange w Brodnicy k. Śremu &#8211; dla ludzi i z ludźmi, bo nasza pasja jest naszą siłą!"}]},{"@type":"WebSite","@id":"https://pracownieorange.pl/brodnica-2/#website","url":"https://pracownieorange.pl/brodnica-2/","name":"Pracownia Orange Brodnica k. Śremu","description":"","potentialAction":[{"@type":"SearchAction","target":{"@type":"EntryPoint","urlTemplate":"https://pracownieorange.pl/brodnica-2/?s={search_term_string}"},"query-input":{"@type":"PropertyValueSpecification","valueRequired":true,"valueName":"search_term_string"}}],"inLanguage":"pl-PL"}]}</script>
<!-- / Yoast SEO plugin. -->

Pracownia Orange w Brodnicy k. Śremu - dla ludzi i z ludźmi, bo nasza pasja jest naszą siłą! - Pracownia Orange Brodnica k. Śremu

Z uwagi na zmianę pierwotnej lokalizacji Pracowni, remont i prace [&hellip;]

Pracownia Orange Brodnica k. Śremu

Pracownia Orange w Brodnicy k. Śremu - budynek.
