

{"id":111,"date":"2024-05-27T09:25:04","date_gmt":"2024-05-27T07:25:04","guid":{"rendered":"https:\/\/pracownieorange.pl\/brodnica-2\/?post_type=challange&#038;p=111"},"modified":"2024-05-28T09:31:53","modified_gmt":"2024-05-28T07:31:53","slug":"kolorowe-eko-torby-dla-mam","status":"publish","type":"challange","link":"https:\/\/pracownieorange.pl\/brodnica-2\/challange\/kolorowe-eko-torby-dla-mam\/","title":{"rendered":"Kolorowe eko-torby dla mam"},"content":{"rendered":"<p>Dzie\u0144 Mamy to jeden z takich dni radosnych w roku, bo mo\u017cemy \u015bwi\u0119towa\u0107 i wspomina\u0107 pi\u0119kne chwile. W Pracowni Orange w Brodnicy postanowili\u015bmy uczyni\u0107 ten dzie\u0144 jeszcze bardziej radosnym i kolorowym.<\/p>\n<ul>\n<li>Tradycja obchodzenia Dnia Mamy si\u0119ga czas\u00f3w staro\u017cytnych. Kultem otaczano wtedy matki-boginie, symbole p\u0142odno\u015bci i urodzaju. Przyk\u0142adowo, w Egipcie cze\u015b\u0107 oddawano Izydzie, patronce ogniska domowego, macierzy\u0144stwa oraz p\u0142odno\u015bci. W Grecji czczona by\u0142a Rea, \u017cona Kronosa, kt\u00f3ra nazywana jest matk\u0105 wszech\u015bwiata oraz wszystkich bog\u00f3w. W Rzymie ho\u0142d oddawano bogini p\u0142odno\u015bci &#8211; Ops. Na cze\u015b\u0107 bogi\u0144 odbywa\u0142y si\u0119 liczne uczty, a nawet igrzyska.<\/li>\n<li>W \u015bredniowiecznej Anglii oraz\u00a0Irlandii obchodzono \u015bwi\u0119to Mothering Sunday, czyli \u201ematczyn\u0105 niedziel\u0119\u201d.<\/li>\n<li>Idea okre\u015blenia konkretnej daty <strong>Dnia Matki<\/strong> zrodzi\u0142a si\u0119 w\u00a0Stanach Zjednoczonych, za spraw\u0105 nauczycielki Ann Marie Jarvis. Kobieta po \u015bmierci swojej mamy podj\u0119\u0142a liczne pr\u00f3by ustanowienia Dnia Matczynej Pracy, kt\u00f3ry mia\u0142 by\u0107 ho\u0142dem dla\u00a0trudu i\u00a0po\u015bwi\u0119ce\u0144 wszystkich mam. <strong>Dzie\u0144 Matki<\/strong> ostatecznie ustanowiono w\u00a01914 roku.<\/li>\n<li>Du\u017ce znaczenie \u015bwi\u0119to to ma tak\u017ce dla\u00a0rodzinnych W\u0142och\u00f3w. Z okazji \u015bwi\u0119ta piecze si\u0119 specjalne ciasteczka w\u00a0kszta\u0142cie serca. <strong>A jak Ty celebrujesz to \u015bwi\u0119to w Polsce?<\/strong><\/li>\n<\/ul>\n<p>Do dyspozycji poza bawe\u0142nianymi torbami na rami\u0119 (z odzysku, podarowane przez jedn\u0105 z liderek Pracowni), mieli\u015bmy farby akrylowe, p\u0119dzle i szablony malarskie z motywami kwiat\u00f3w i ro\u015blin. Powsta\u0142y autorskie eko-torby od serca, kt\u00f3re mog\u0105 by\u0107 towarzyszkami mam w pracy czy na spacerze.<\/p>\n<p>&nbsp;<\/p>\n<p>Dzi\u0119kujemy za wsp\u00f3lny i radosny czas!<\/p>\n<p>Gosia &amp; Ewa \u2013 liderki Pracowni Orange w Brodnicy<\/p>\n","protected":false},"featured_media":112,"template":"","class_list":["post-111","challange","type-challange","status-publish","has-post-thumbnail","hentry"],"acf":[],"_links":{"self":[{"href":"https:\/\/pracownieorange.pl\/brodnica-2\/wp-json\/wp\/v2\/challange\/111","targetHints":{"allow":["GET"]}}],"collection":[{"href":"https:\/\/pracownieorange.pl\/brodnica-2\/wp-json\/wp\/v2\/challange"}],"about":[{"href":"https:\/\/pracownieorange.pl\/brodnica-2\/wp-json\/wp\/v2\/types\/challange"}],"wp:featuredmedia":[{"embeddable":true,"href":"https:\/\/pracownieorange.pl\/brodnica-2\/wp-json\/wp\/v2\/media\/112"}],"wp:attachment":[{"href":"https:\/\/pracownieorange.pl\/brodnica-2\/wp-json\/wp\/v2\/media?parent=111"}],"curies":[{"name":"wp","href":"https:\/\/api.w.org\/{rel}","templated":true}]}}

<p>Dzień Mamy to jeden z takich dni radosnych w roku, bo możemy świętować i wspominać piękne chwile. W Pracowni Orange w Brodnicy postanowiliśmy uczynić ten dzień jeszcze bardziej radosnym i kolorowym.</p>
<ul>
<li>Tradycja obchodzenia Dnia Mamy sięga czasów starożytnych. Kultem otaczano wtedy matki-boginie, symbole płodności i urodzaju. Przykładowo, w Egipcie cześć oddawano Izydzie, patronce ogniska domowego, macierzyństwa oraz płodności. W Grecji czczona była Rea, żona Kronosa, która nazywana jest matką wszechświata oraz wszystkich bogów. W Rzymie hołd oddawano bogini płodności &#8211; Ops. Na cześć bogiń odbywały się liczne uczty, a nawet igrzyska.</li>
<li>W średniowiecznej Anglii oraz Irlandii obchodzono święto Mothering Sunday, czyli „matczyną niedzielę”.</li>
<li>Idea określenia konkretnej daty <strong>Dnia Matki</strong> zrodziła się w Stanach Zjednoczonych, za sprawą nauczycielki Ann Marie Jarvis. Kobieta po śmierci swojej mamy podjęła liczne próby ustanowienia Dnia Matczynej Pracy, który miał być hołdem dla trudu i poświęceń wszystkich mam. <strong>Dzień Matki</strong> ostatecznie ustanowiono w 1914 roku.</li>
<li>Duże znaczenie święto to ma także dla rodzinnych Włochów. Z okazji święta piecze się specjalne ciasteczka w kształcie serca. <strong>A jak Ty celebrujesz to święto w Polsce?</strong></li>
</ul>
<p>Do dyspozycji poza bawełnianymi torbami na ramię (z odzysku, podarowane przez jedną z liderek Pracowni), mieliśmy farby akrylowe, pędzle i szablony malarskie z motywami kwiatów i roślin. Powstały autorskie eko-torby od serca, które mogą być towarzyszkami mam w pracy czy na spacerze.</p>
<p>&nbsp;</p>
<p>Dziękujemy za wspólny i radosny czas!</p>
<p>Gosia &amp; Ewa – liderki Pracowni Orange w Brodnicy</p>
